000
CXUS51 KPHI 040236
CLMACY

CLIMATE REPORT
NATIONAL WEATHER SERVICE MOUNT HOLLY NJ
1036 PM EDT SAT SEP 03 2022

...................................

...THE ATLANTIC CITY NJ CLIMATE SUMMARY FOR THE MONTH OF AUGUST 2022...

CLIMATE NORMAL PERIOD: 1991 TO 2020
CLIMATE RECORD PERIOD: 1943 TO 2022

WEATHER         OBSERVED          NORMAL  DEPART   LAST YEAR`S
                VALUE   DATE(S)   VALUE   FROM     VALUE DATE(S)
                                          NORMAL
................................................................
TEMPERATURE (F)
RECORD
 HIGH            104   08/07/1918
 LOW              40   08/31/1976
                       08/31/1965
HIGHEST           98   08/09         94       4       95  08/12
LOWEST            57   08/13         51       6       60  08/02
                       08/16
                                                          08/03
AVG. MAXIMUM    87.7               84.8     2.9     85.3
AVG. MINIMUM    67.7               65.2     2.5     69.0
MEAN            77.7               75.0     2.7     77.1
DAYS MAX >= 90    12                5.7     6.3        8
DAYS MAX <= 32     0                0.0     0.0        0
DAYS MIN <= 32     0                0.0     0.0        0
DAYS MIN <= 0      0                0.0     0.0        0

PRECIPITATION (INCHES)
RECORD
 MAXIMUM       16.06   1997
 MINIMUM        0.42   1943
TOTALS          4.46               4.59   -0.13     6.28
DAILY AVG.      0.14               0.15   -0.01     0.20
DAYS >= .01        8                9.2    -1.2       12
DAYS >= .10        4                5.8    -1.8        8
DAYS >= .50        1                2.6    -1.6        5
DAYS >= 1.00       1                1.3    -0.3        2
GREATEST
 24 HR. TOTAL   3.52   08/28 TO 08/28               1.89

SNOWFALL (INCHES)
RECORDS
 TOTAL           0.0
 24 HR TOTAL      MM
TOTALS           0.0                0.0     0.0      0.0
SINCE 7/1        0.0                0.0     0.0       MM
SNOWDEPTH AVG.     0                                   0
DAYS >= 1.0        0                0.0     0.0        0
GREATEST
 SNOW DEPTH        0                                   0  MM
 24 HR TOTAL      MM                                 0.0

DEGREE DAYS
HEATING TOTAL      0                  1      -1        0
 SINCE 7/1         0                  0       0       MM
COOLING TOTAL    401                311      90      386
 SINCE 1/1      1124                968     156       MM
................................................................

WIND (MPH)
AVERAGE WIND SPEED              6.9
HIGHEST WIND SPEED/DIRECTION    21/290    DATE  08/31
HIGHEST GUST SPEED/DIRECTION    30/170    DATE  08/07

SKY COVER
POSSIBLE SUNSHINE (PERCENT)   MM
AVERAGE SKY COVER           0.20
NUMBER OF DAYS FAIR           25
NUMBER OF DAYS PC              4
NUMBER OF DAYS CLOUDY          2

AVERAGE RH (PERCENT)     69

WEATHER CONDITIONS. NUMBER OF DAYS WITH
THUNDERSTORM              2     MIXED PRECIP               0
HEAVY RAIN                4     RAIN                       3
LIGHT RAIN                9     FREEZING RAIN              0
LT FREEZING RAIN          0     HEAVY SNOW                 0
SNOW                      0     LIGHT SNOW                 0
SLEET                     0     FOG                       12
FOG W/VIS <= 1/4 MILE     4     HAZE                       1

-  INDICATES NEGATIVE NUMBERS.
R  INDICATES RECORD WAS SET OR TIED.
MM INDICATES DATA IS MISSING.
T  INDICATES TRACE AMOUNT.

$$
