000
CXUS54 KLCH 041542
CLMAEX

CLIMATE REPORT
NATIONAL WEATHER SERVICE LAKE CHARLES, LA
1042 AM CDT TUE OCT 04 2022

...................................

...THE ALEXANDRIA CLIMATE SUMMARY FOR THE MONTH OF SEPTEMBER 2022...

CLIMATE NORMAL PERIOD: 1991 TO 2020
CLIMATE RECORD PERIOD: 1892 TO 2022

WEATHER         OBSERVED          NORMAL  DEPART   LAST YEAR`S
                VALUE   DATE(S)   VALUE   FROM     VALUE DATE(S)
                                          NORMAL
................................................................
TEMPERATURE (F)
RECORD
 HIGH            107   09/05/2000
                       09/04/2000
 LOW              40   09/29/1967
                       09/27/1899
HIGHEST           99   09/22         MM      MM       98  09/01
LOWEST            46   09/30         MM      MM       54  09/23
                                                          09/24
                                                          09/25
AVG. MAXIMUM    90.6               89.0     1.6     88.0
AVG. MINIMUM    66.5               66.6    -0.1     67.1
MEAN            78.5               77.8     0.7     77.6
DAYS MAX >= 90    17               17.1    -0.1       13
DAYS MAX <= 32     0                0.0     0.0        0
DAYS MIN <= 32     0                0.0     0.0        0
DAYS MIN <= 0      0                0.0     0.0        0

PRECIPITATION (INCHES)
RECORD
 MAXIMUM       11.88   1979
 MINIMUM        0.07   2010
TOTALS          2.90               3.39   -0.49     6.36
DAILY AVG.      0.10               0.11   -0.01     0.21
DAYS >= .01        6                8.8    -2.8       14
DAYS >= .10        5                4.5     0.5        9
DAYS >= .50        3                2.0     1.0        6
DAYS >= 1.00       1                0.9     0.1        1
GREATEST
 24 HR. TOTAL   1.21   09/02 TO 09/03

SNOWFALL (INCHES)
RECORDS
 TOTAL           0.0   5
TOTALS           0.0                 MM      MM      0.0
SINCE 7/1        0.0                 MM      MM       MM
SNOWDEPTH AVG.    MM                                  MM
DAYS >= 1.0        0                 MM      MM        0
GREATEST
 SNOW DEPTH       MM                                  MM  MM
 24 HR TOTAL      MM

DEGREE DAYS
HEATING TOTAL      1                  2      -1        0
 SINCE 7/1         1                  0       1       MM
COOLING TOTAL    416                386      30      383
 SINCE 1/1      2983               2430     553       MM
................................................................

WIND (MPH)
AVERAGE WIND SPEED              3.7
HIGHEST WIND SPEED/DIRECTION    28/150    DATE  09/06
HIGHEST GUST SPEED/DIRECTION    37/150    DATE  09/06

SKY COVER
POSSIBLE SUNSHINE (PERCENT)   MM
AVERAGE SKY COVER           0.12
NUMBER OF DAYS FAIR           25
NUMBER OF DAYS PC              5
NUMBER OF DAYS CLOUDY          0

AVERAGE RH (PERCENT)     67

WEATHER CONDITIONS. NUMBER OF DAYS WITH
THUNDERSTORM              4     MIXED PRECIP               0
HEAVY RAIN                3     RAIN                       4
LIGHT RAIN                6     FREEZING RAIN              0
LT FREEZING RAIN          0     HAIL                       0
HEAVY SNOW                0     SNOW                       0
LIGHT SNOW                0     SLEET                      0
FOG                      19     FOG W/VIS <= 1/4 MILE      1
HAZE                     13

-  INDICATES NEGATIVE NUMBERS.
R  INDICATES RECORD WAS SET OR TIED.
MM INDICATES DATA IS MISSING.
T  INDICATES TRACE AMOUNT.

$$
