000
CXUS52 KCAE 011724
CLMAGS

CLIMATE REPORT
NATIONAL WEATHER SERVICE COLUMBIA SC
124 PM EDT THU SEP 01 2022

...................................

...THE AUGUSTA BUSH FIELD GA CLIMATE SUMMARY FOR THE MONTH OF AUGUST 2022...

CLIMATE NORMAL PERIOD: 1991 TO 2020
CLIMATE RECORD PERIOD: 1873 TO 2022

WEATHER         OBSERVED          NORMAL  DEPART   LAST YEAR`S
                VALUE   DATE(S)   VALUE   FROM     VALUE
                                          NORMAL
..............................................................
TEMPERATURE (F)
RECORD
 HIGH            108   08/10/2007
                       08/21/1983
                       08/21/1983
 LOW              52   08/08/2004
HIGHEST           98   08/01         MM      MM
LOWEST            62   08/14         MM      MM
AVG. MAXIMUM    89.5               92.6    -3.1
AVG. MINIMUM    69.9               71.0    -1.1
MEAN            79.7               81.8    -2.1
DAYS MAX >= 90    14               21.2    -7.2
DAYS MAX <= 32     0                0.0     0.0
DAYS MIN <= 32     0                0.0     0.0
DAYS MIN <= 0      0                0.0     0.0

PRECIPITATION (INCHES)
RECORD
 MAXIMUM       12.92   2019
 MINIMUM        0.49   1925
TOTALS          5.66               4.61    1.05
DAILY AVG.      0.18               0.15    0.03
DAYS >= .01       15               11.1     3.9
DAYS >= .10        9                7.4     1.6
DAYS >= .50        3                3.0     0.0
DAYS >= 1.00       3                1.3     1.7
GREATEST
 24 HR. TOTAL   1.64   08/25 TO 08/25
 STORM TOTAL    1.64
 (MM/DD(HH))

SNOWFALL (INCHES)
RECORDS
 TOTAL            MM   MM
TOTALS           0.0                0.0     0.0
SINCE 7/1        0.0                0.0     0.0
DAYS >= TRACE      0                0.0     0.0
DAYS >= 1.0        0                0.0     0.0
GREATEST
 SNOW DEPTH        0

DEGREE DAYS
HEATING TOTAL      0                  0       0
 SINCE 7/1         0                  0       0
COOLING TOTAL    466                521     -55
 SINCE 1/1      1798               1884     -86

FREEZE DATES
RECORD
 EARLIEST     MM
 LATEST       MM
EARLIEST                        MM
LATEST                          04/10
..............................................................

WIND (MPH)
AVERAGE WIND SPEED              3.8
RESULTANT WIND SPEED/DIRECTION   1/160
HIGHEST WIND SPEED/DIRECTION    31/280    DATE  08/15
HIGHEST GUST SPEED/DIRECTION    39/280    DATE  08/15

SKY COVER
POSSIBLE SUNSHINE (PERCENT)   MM
AVERAGE SKY COVER           0.37
NUMBER OF DAYS FAIR           18
NUMBER OF DAYS PC              9
NUMBER OF DAYS CLOUDY          4

AVERAGE RH (PERCENT)     76

WEATHER CONDITIONS. NUMBER OF DAYS WITH
THUNDERSTORM             13     MIXED PRECIP               0
HEAVY RAIN                7     RAIN                       4
LIGHT RAIN               18     FREEZING RAIN              0
LT FREEZING RAIN          0     HAIL                       0
HEAVY SNOW                0     SNOW                       0
LIGHT SNOW                0     SLEET                      0
FOG                      26     FOG W/VIS <= 1/4 MILE      3
HAZE                      5

-  INDICATES NEGATIVE NUMBERS.
R  INDICATES RECORD WAS SET OR TIED.
MM INDICATES DATA IS MISSING.
T  INDICATES TRACE AMOUNT.

$$
