000
CXUS52 KFFC 011129
CLMAHN

CLIMATE REPORT
NATIONAL WEATHER SERVICE PEACHTREE CITY GA
729 AM EDT SAT OCT 01 2022

...................................

...THE ATHENS CLIMATE SUMMARY FOR THE MONTH OF SEPTEMBER 2022...

CLIMATE NORMAL PERIOD: 1991 TO 2020
CLIMATE RECORD PERIOD: 1898 TO 2022

WEATHER         OBSERVED          NORMAL  DEPART   LAST YEAR`S
                VALUE   DATE(S)   VALUE   FROM     VALUE DATE(S)
                                          NORMAL
................................................................
TEMPERATURE (F)
RECORD
 HIGH            108   09/08/1925
 LOW              30   09/24/1928
HIGHEST           95   09/22         MM      MM       93  09/14
LOWEST            43   09/28         MM      MM       50  09/24
AVG. MAXIMUM    84.2               84.6    -0.4     85.7
AVG. MINIMUM    61.8               63.3    -1.5     63.3
MEAN            73.0               73.9    -0.9     74.5
DAYS MAX >= 90     6                7.2    -1.2        2
DAYS MAX <= 32     0                0.0     0.0        0
DAYS MIN <= 32     0                0.0     0.0        0
DAYS MIN <= 0      0                0.0     0.0        0

PRECIPITATION (INCHES)
RECORD
 MAXIMUM       11.84   2004
 MINIMUM        0.17   2005
TOTALS          2.64               3.89   -1.25     2.02
DAILY AVG.      0.09               0.13   -0.04     0.07
GREATEST
 24 HR. TOTAL   0.96   09/04 TO 09/05               0.84  09/20 TO 09/21

DEGREE DAYS
HEATING TOTAL      9                  7       2        0
 SINCE 7/1         9                  4       5       MM
COOLING TOTAL    260                275     -15      290
 SINCE 1/1      1979               1875     104       MM
................................................................

WIND (MPH)
AVERAGE WIND SPEED              4.7
HIGHEST WIND SPEED/DIRECTION    29/060    DATE  09/29
HIGHEST GUST SPEED/DIRECTION    40/060    DATE  09/29

SKY COVER
POSSIBLE SUNSHINE (PERCENT)   MM
AVERAGE SKY COVER           0.30
NUMBER OF DAYS FAIR           21
NUMBER OF DAYS PC              5
NUMBER OF DAYS CLOUDY          4

AVERAGE RH (PERCENT)     70

WEATHER CONDITIONS. NUMBER OF DAYS WITH
THUNDERSTORM              2     MIXED PRECIP               0
HEAVY RAIN                4     RAIN                       3
LIGHT RAIN                7     FREEZING RAIN              0
LT FREEZING RAIN          0     HAIL                       0
HEAVY SNOW                0     SNOW                       0
LIGHT SNOW                0     SLEET                      0
FOG                       8     FOG W/VIS <= 1/4 MILE      1
HAZE                      0

-  INDICATES NEGATIVE NUMBERS.
R  INDICATES RECORD WAS SET OR TIED.
MM INDICATES DATA IS MISSING.
T  INDICATES TRACE AMOUNT.

$$
