000
CXUS55 KCYS 011527
CLMAIA

CLIMATE REPORT
NATIONAL WEATHER SERVICE CHEYENNE WY
927 AM MDT THU SEP 01 2022

...................................

...THE ALLIANCE NEBRASKA AIRPORT CLIMATE SUMMARY FOR THE MONTH OF AUGUST 2022...

CLIMATE NORMAL PERIOD 1991 TO 2020
CLIMATE RECORD PERIOD 1896 TO 2022

WEATHER         OBSERVED          NORMAL  DEPART   LAST YEAR`S
                VALUE   DATE(S)   VALUE   FROM     VALUE DATE(S)
                                          NORMAL
................................................................
TEMPERATURE (F)
RECORD
 HIGH            107   08/13/2007
 LOW              30   08/25/1910
HIGHEST          104   08/05         MM      MM      101
LOWEST            42   08/20         MM      MM       41
AVG. MAXIMUM    91.4               86.6     4.8     91.2
AVG. MINIMUM    55.4               53.6     1.8     52.4
MEAN            73.4               70.1     3.3     71.8
DAYS MAX >= 90    21               13.5     7.5       19
DAYS MAX <= 32     0                0.0     0.0        0
DAYS MIN <= 32     0                0.0     0.0        0
DAYS MIN <= 0      0                0.0     0.0        0

PRECIPITATION (INCHES)
RECORD
 MAXIMUM        5.88   1963
TOTALS          0.46               1.49   -1.03     0.42
DAYS >= .01        3                7.7    -4.7        4
DAYS >= .10        1                3.1    -2.1        2
DAYS >= .50        0                1.0    -1.0        0
DAYS >= 1.00       0                0.2    -0.2        0
GREATEST
 24 HR. TOTAL   0.36   08/14 TO 08/15               0.37  08/19 TO 08/20


DEGREE DAYS
HEATING TOTAL      2                 26     -24        7
 SINCE 7/1         2                 35     -33       MM
COOLING TOTAL    268                184      84      224
 SINCE 1/1       714                517     197       MM
................................................................

WIND (MPH)
AVERAGE WIND SPEED              8.9
HIGHEST WIND SPEED/DIRECTION    48/260    DATE  08/14
HIGHEST GUST SPEED/DIRECTION    65/260    DATE  08/14

SKY COVER
POSSIBLE SUNSHINE (PERCENT)   MM
AVERAGE SKY COVER           0.13
NUMBER OF DAYS FAIR           27
NUMBER OF DAYS PC              4
NUMBER OF DAYS CLOUDY          0

AVERAGE RH (PERCENT)     57

WEATHER CONDITIONS. NUMBER OF DAYS WITH
THUNDERSTORM              4     MIXED PRECIP               0
HEAVY RAIN                1     RAIN                       1
LIGHT RAIN                6     FREEZING RAIN              0
LT FREEZING RAIN          0     HAIL                       0
HEAVY SNOW                0     SNOW                       0
LIGHT SNOW                0     SLEET                      0
FOG                       6     FOG W/VIS <= 1/4 MILE      2
HAZE                      3

-  INDICATES NEGATIVE NUMBERS.
R  INDICATES RECORD WAS SET OR TIED.
MM INDICATES DATA IS MISSING.
T  INDICATES TRACE AMOUNT.

$$
