000
CXAK58 PAKN 011139
CLMAKN

CLIMATE REPORT
NATIONAL WEATHER SERVICE ANCHORAGE, AK
339 AM AKDT SAT OCT 01 2022

...................................

...THE KING SALMON CLIMATE SUMMARY FOR THE MONTH OF SEPTEMBER 2022...

CLIMATE NORMAL PERIOD: 1991 TO 2020
CLIMATE RECORD PERIOD: 1917 TO 2022

WEATHER         OBSERVED          NORMAL  DEPART   LAST YEAR`S
                VALUE   DATE(S)   VALUE   FROM     VALUE
                                          NORMAL
..............................................................
TEMPERATURE (F)
RECORD
 HIGH             76   MM
 LOW              13   09/26/2021
HIGHEST           66                 MM      MM       61
LOWEST            30                 MM      MM       13
AVG. MAXIMUM    54.9               56.3    -1.4     52.6
AVG. MINIMUM    40.4               41.0    -0.6     33.6
MEAN            47.7               48.7    -1.0     43.1
DAYS MAX >= 90     0                0.0     0.0        0
DAYS MAX <= 32     0                0.0     0.0        0
DAYS MIN <= 32     4                5.9    -1.9       14
DAYS MIN <= 0      0                0.0     0.0        0

PRECIPITATION (INCHES)
RECORD
 MAXIMUM        2.94   2021
 MINIMUM        1.62   2020
TOTALS          4.69               3.40    1.29     2.94
DAILY AVG.      0.16               0.11    0.05     0.10
DAYS >= .01       25               18.0     7.0       15
DAYS >= .10       14               10.1     3.9        8
DAYS >= .50        3                1.5     1.5        2
DAYS >= 1.00       0                0.2    -0.2        0
GREATEST
 24 HR. TOTAL   0.89   09/13 TO 09/14               0.66
 STORM TOTAL    0.62                                0.65
 (MM/DD(HH))


DEGREE DAYS
HEATING TOTAL    514                490      24      649
 SINCE 7/1      1074               1039      35       MM
COOLING TOTAL      0                  0       0        0
 SINCE 1/1         0                  3      -3       MM

FREEZE DATES
RECORD
 EARLIEST     MM
 LATEST       MM
EARLIEST      09/21             MM
LATEST                          05/19
..............................................................

WIND (MPH)
AVERAGE WIND SPEED              9.6
RESULTANT WIND SPEED/DIRECTION   5/180
HIGHEST WIND SPEED/DIRECTION    32/180    DATE  09/08
HIGHEST GUST SPEED/DIRECTION    40/180    DATE  09/08

SKY COVER
POSSIBLE SUNSHINE (PERCENT)   MM
AVERAGE SKY COVER           0.80
NUMBER OF DAYS FAIR            1
NUMBER OF DAYS PC              8
NUMBER OF DAYS CLOUDY         21

AVERAGE RH (PERCENT)     84

WEATHER CONDITIONS. NUMBER OF DAYS WITH
THUNDERSTORM              0     MIXED PRECIP               0
HEAVY RAIN                1     RAIN                      10
LIGHT RAIN               25     FREEZING RAIN              0
LT FREEZING RAIN          0     HAIL                       0
HEAVY SNOW                0     SNOW                       0
LIGHT SNOW                0     SLEET                      0
FOG                      28     FOG W/VIS <= 1/4 MILE      1
HAZE                      6

-  INDICATES NEGATIVE NUMBERS.
R  INDICATES RECORD WAS SET OR TIED.
MM INDICATES DATA IS MISSING.
T  INDICATES TRACE AMOUNT.

$$
