000
CXUS51 KALY 011455
CLMALB

CLIMATE REPORT
NATIONAL WEATHER SERVICE ALBANY NY
1055 AM EDT SAT OCT 01 2022

...................................

...THE ALBANY NY CLIMATE SUMMARY FOR THE MONTH OF SEPTEMBER 2022...

CLIMATE NORMAL PERIOD: 1991 TO 2020
CLIMATE RECORD PERIOD: 1874 TO 2022

WEATHER         OBSERVED          NORMAL  DEPART   LAST YEAR`S
                VALUE   DATE(S)   VALUE   FROM     VALUE DATE(S)
                                          NORMAL
................................................................
TEMPERATURE (F)
RECORD
 HIGH            100   09/03/1953
                       09/02/1953
 LOW              24   09/28/1947
                       09/27/1947
HIGHEST           87   09/04                          81  09/18
LOWEST            39   09/30                          39  09/29
AVG. MAXIMUM    73.5               74.4    -0.9     71.7
AVG. MINIMUM    54.3               52.6     1.7     52.6
MEAN            63.9               63.5     0.4     62.2
DAYS MAX >= 90     0                0.6    -0.6        0
DAYS MAX <= 32     0                0.0     0.0        0
DAYS MIN <= 32     0                0.2    -0.2        0
DAYS MIN <= 0      0                0.0     0.0        0

PRECIPITATION (INCHES)
RECORD
 MAXIMUM       11.06   1999
 MINIMUM        0.40   1964
TOTALS          5.45               3.73    1.72     5.74
DAILY AVG.      0.18                                0.19
DAYS >= .01       11                9.7     1.3       12
DAYS >= .10        7                6.3     0.7       10
DAYS >= .50        4                2.4     1.6        5
DAYS >= 1.00       2                0.9     1.1        2
GREATEST
 24 HR. TOTAL   2.05   09/05 TO 09/06

DEGREE DAYS
HEATING TOTAL     90                115     -25      109
 SINCE 7/1        90                128     -38       MM
COOLING TOTAL     64                 70      -6       29
 SINCE 1/1       932                714     218       MM
................................................................

WIND (MPH)
AVERAGE WIND SPEED              5.4
HIGHEST WIND SPEED/DIRECTION    28/270    DATE  09/19
HIGHEST GUST SPEED/DIRECTION    36/310    DATE  09/22

SKY COVER
AVERAGE SKY COVER           0.64

AVERAGE RH (PERCENT)     73

WEATHER CONDITIONS. NUMBER OF DAYS WITH
THUNDERSTORM              5     MIXED PRECIP               0
HEAVY RAIN                3     RAIN                       6
LIGHT RAIN               15     FREEZING RAIN              0
LT FREEZING RAIN          0     HAIL                       0
HEAVY SNOW                0     SNOW                       0
LIGHT SNOW                0     SLEET                      0
FOG                      16     FOG W/VIS <= 1/4 MILE      4
HAZE                      0

-  INDICATES NEGATIVE NUMBERS.
R  INDICATES RECORD WAS SET OR TIED.
MM INDICATES DATA IS MISSING.
T  INDICATES TRACE AMOUNT.

$$
