000
CXUS53 KDMX 011751
CLMALO

CLIMATE REPORT
NATIONAL WEATHER SERVICE DES MOINES IA
1251 PM CDT SAT OCT 01 2022

...................................

...THE WATERLOO IA CLIMATE SUMMARY FOR THE MONTH OF SEPTEMBER 2022...

CLIMATE NORMAL PERIOD 1991 TO 2020
CLIMATE RECORD PERIOD 1895 TO 2022

WEATHER         OBSERVED          NORMAL  DEPART   LAST YEAR`S
                VALUE   DATE(S)   VALUE   FROM     VALUE
                                          NORMAL
..............................................................
TEMPERATURE (F)
RECORD
 HIGH            102   09/07/1939
                       09/06/1922
 LOW              19
HIGHEST           96   09/20         90       6
LOWEST            31   09/28         33      -2
MEAN            65.3               64.6     0.7
DAYS MAX >= 90     1                1.7    -0.7
DAYS MAX <= 32     0                0.0     0.0
DAYS MIN <= 32     2                0.6     1.4
DAYS MIN <= 0      0                0.0     0.0

PRECIPITATION (INCHES)
RECORD
 MAXIMUM       13.35   2018
 MINIMUM        0.42   1953
TOTALS          1.13               3.14   -2.01
DAILY AVG.      0.04               0.10   -0.06
DAYS >= .01        4
DAYS >= .10        3
DAYS >= .50        1
DAYS >= 1.00       0

SNOWFALL (INCHES)
TOTALS           0.0                0.0     0.0
SINCE 7/1        0.0                0.0     0.0

DEGREE DAYS
HEATING TOTAL     97                109     -12
 SINCE 7/1        97                121     -24
COOLING TOTAL    112                 97      15
 SINCE 1/1      1018                903     115
..............................................................

WIND (MPH)
HIGHEST GUST SPEED/DIRECTION    43/330    DATE  09/25


WEATHER CONDITIONS. NUMBER OF DAYS WITH
THUNDERSTORM              2     HAIL                       0
SLEET                     0     FOG                        9
FOG W/VIS <= 1/4 MILE     1     HAZE                       1

-  INDICATES NEGATIVE NUMBERS.
R  INDICATES RECORD WAS SET OR TIED.
MM INDICATES DATA IS MISSING.
T  INDICATES TRACE AMOUNT.

$$
