000
CXUS55 KPUB 011734
CLMALS

CLIMATE REPORT
NATIONAL WEATHER SERVICE
1122 AM MDT SAT OCT 01 2022

...................................

...THE ALAMOSA CO CLIMATE SUMMARY FOR THE MONTH OF SEPTEMBER 2022...

CLIMATE NORMAL PERIOD 1991 TO 2020
CLIMATE RECORD PERIOD 1932 TO 2022

WEATHER         OBSERVED          NORMAL  DEPART   LAST YEAR`S
                VALUE   DATE(S)   VALUE   FROM     VALUE DATE(S)
                                          NORMAL
................................................................
TEMPERATURE (F)
RECORD
 HIGH             89   09/05/2020
                       09/06/2020
                       09/10/2021
                       09/11/1021
 LOW              15   09/29/1999
                       09/30/1985
HIGHEST           89R  09/05         76      13       89  09/10
                                                          09/11
LOWEST            32   09/12         31       1       27  09/21
                       09/30
                                                          09/23
AVG. MAXIMUM    78.7               74.4     4.3     79.8
AVG. MINIMUM    41.0               37.3     3.7     36.9
MEAN            59.9               55.9     4.0     58.4
DAYS MAX >= 90     0                0.0     0.0
DAYS MAX <= 32     0                0.0     0.0
DAYS MIN <= 32     2                7.9    -5.9
DAYS MIN <= 0      0                0.0     0.0

PRECIPITATION (INCHES)
RECORD
 MAXIMUM        2.98   2013
 MINIMUM           T   1956
                       1953
TOTALS          0.53               0.98   -0.45     0.32
DAILY AVG.      0.02               0.03   -0.01
DAYS >= .01        4                6.5    -2.5
DAYS >= .10        1                2.8    -1.8
DAYS >= .50        0                0.4    -0.4
DAYS >= 1.00       0                0.1    -0.1
GREATEST
 24 HR. TOTAL   0.41   09/21 TO 09/22

SNOWFALL (INCHES)
RECORDS
 TOTAL          15.3   2020
TOTALS           0.0                 MM      MM      0.0
SINCE 7/1        0.0                 MM      MM       MM
SNOWDEPTH AVG.     0
DAYS >= 1.0        0                 MM      MM
GREATEST
 SNOW DEPTH        0                                   0
 24 HR TOTAL      MM                                  MM

DEGREE DAYS
HEATING TOTAL    154                275    -121      192
 SINCE 7/1       211                381    -170       MM
COOLING TOTAL      6                  1       5        0
 SINCE 1/1       134                 71      63       MM
................................................................

WIND (MPH)
AVERAGE WIND SPEED              5.6
HIGHEST WIND SPEED/DIRECTION    38/060    DATE  09/02
HIGHEST GUST SPEED/DIRECTION    64/070    DATE  09/02

SKY COVER
POSSIBLE SUNSHINE (PERCENT)   MM
AVERAGE SKY COVER           0.17
NUMBER OF DAYS FAIR           26
NUMBER OF DAYS PC              2
NUMBER OF DAYS CLOUDY          2

AVERAGE RH (PERCENT)     55

WEATHER CONDITIONS. NUMBER OF DAYS WITH
THUNDERSTORM              4     MIXED PRECIP               0
HEAVY RAIN                2     RAIN                       3
LIGHT RAIN                9     FREEZING RAIN              0
LT FREEZING RAIN          0     HAIL                       0
HEAVY SNOW                0     SNOW                       0
LIGHT SNOW                0     SLEET                      0
FOG                       1     FOG W/VIS <= 1/4 MILE      0
HAZE                      1

-  INDICATES NEGATIVE NUMBERS.
R  INDICATES RECORD WAS SET OR TIED.
MM INDICATES DATA IS MISSING.
T  INDICATES TRACE AMOUNT.

$$
