000
CXUS56 KPDT 012158
CLMALW

CLIMATE REPORT
NATIONAL WEATHER SERVICE PENDLETON, OR
258 PM PDT THU SEP 01 2022

...................................

...THE WALLA WALLA WA CLIMATE SUMMARY FOR THE MONTH OF AUGUST 2022...

CLIMATE NORMAL PERIOD 1991 TO 2020
CLIMATE RECORD PERIOD 1949 TO 2022

WEATHER         OBSERVED          NORMAL  DEPART   LAST YEAR`S
                VALUE   DATE(S)   VALUE   FROM     VALUE DATE(S)
                                          NORMAL
................................................................
TEMPERATURE (F)
RECORD
 HIGH            114   08/04/1961
                       08/01/2009
                       08/17/2008
 LOW              42   08/24/1992
                       08/05/2002
                       06/02/1976
HIGHEST          105   08/17                         104  08/03
LOWEST            53   08/28                          48  08/24
AVG. MAXIMUM    92.8               88.6     4.2     86.7
AVG. MINIMUM    64.1               61.7     2.4     62.1
MEAN            78.5               75.2     3.3     74.4
DAYS MAX >= 90    24               15.8     8.2       14
DAYS MAX <= 32     0                0.0     0.0        0
DAYS MIN <= 32     0                0.0     0.0        0
DAYS MIN <= 0      0                0.0     0.0        0

PRECIPITATION (INCHES)
RECORD
 MAXIMUM        3.11   1977
 MINIMUM        0.00   1969
TOTALS          0.66               0.40    0.26     0.27
DAILY AVG.      0.02               0.01    0.01     0.01
DAYS >= .01        3                2.5     0.5        3
DAYS >= .10        2                0.9     1.1        1
DAYS >= .50        1                0.2     0.8        0
DAYS >= 1.00       0                0.1    -0.1        0
GREATEST
 24 HR. TOTAL   0.52   08/10 TO 08/10               0.17  08/21 TO 08/21


DEGREE DAYS
HEATING TOTAL      0                  5      -5        6
 SINCE 7/1         0                  4      -4       MM
COOLING TOTAL    423                320     103      306
 SINCE 1/1       890                827      63       MM
................................................................

WIND (MPH)
AVERAGE WIND SPEED              7.7
RESULTANT WIND SPEED/DIRECTION   4/190
HIGHEST WIND SPEED/DIRECTION    29/250    DATE  08/27
HIGHEST GUST SPEED/DIRECTION    38/260    DATE  08/27

AVERAGE RH (PERCENT)     37

WEATHER CONDITIONS. NUMBER OF DAYS WITH
THUNDERSTORM              3     MIXED PRECIP               0
HEAVY RAIN                1     RAIN                       2
LIGHT RAIN                3     FREEZING RAIN              0
LT FREEZING RAIN          0     HAIL                       0
HEAVY SNOW                0     SNOW                       0
LIGHT SNOW                0     SLEET                      0
FOG                       0     FOG W/VIS <= 1/4 MILE      0
HAZE                      1

-  INDICATES NEGATIVE NUMBERS.
R  INDICATES RECORD WAS SET OR TIED.
MM INDICATES DATA IS MISSING.
T  INDICATES TRACE AMOUNT.

$$
