000
CXUS54 KAMA 011423
CLMAMA

CLIMATE REPORT
NATIONAL WEATHER SERVICE AMARILLO
923 AM CDT THU SEP 01 2022

...................................

...THE AMARILLO CLIMATE SUMMARY FOR THE MONTH OF AUGUST 2022...

CLIMATE NORMAL PERIOD: 1991 TO 2020
CLIMATE RECORD PERIOD: 1892 TO 2022

WEATHER         OBSERVED          NORMAL  DEPART   LAST YEAR`S
                VALUE   DATE(S)   VALUE   FROM     VALUE DATE(S)
                                          NORMAL
................................................................
TEMPERATURE (F)
RECORD
 HIGH            107   08/03/2012
 LOW              48   08/26/2010
                       08/30/1915
HIGHEST           98   08/02                         104  08/09
                       08/03
LOWEST            58   08/25                          57  08/03
AVG. MAXIMUM    89.7               91.0    -1.3     92.6
AVG. MINIMUM    66.1               65.3     0.8     66.2
MEAN            77.9               78.1    -0.2     79.4
DAYS MAX >= 90    18               18.8    -0.8       22
DAYS MAX <= 32     0                0.0     0.0        0
DAYS MIN <= 32     0                0.0     0.0        0
DAYS MIN <= 0      0                0.0     0.0        0

PRECIPITATION (INCHES)
RECORD
 MAXIMUM        8.07   2009
 MINIMUM        0.15   1938
TOTALS          1.54               2.86   -1.32     0.88
DAILY AVG.      0.05               0.09   -0.04     0.03
DAYS >= .01        4                8.2    -4.2        7
DAYS >= .10        4                5.3    -1.3        4
DAYS >= .50        1                1.9    -0.9        0
DAYS >= 1.00       0                0.8    -0.8        0
GREATEST
 24 HR. TOTAL   0.82   08/29 TO 08/29

SNOWFALL (INCHES)
RECORDS
 TOTAL             T   2020
TOTALS             TR               0.0     0.0      0.0
SINCE 7/1          T                0.0     0.0       MM
DAYS >= TRACE      1                0.0     1.0        0
DAYS >= 1.0        0                0.0     0.0        0
GREATEST
 SNOW DEPTH        0
 24 HR TOTAL      MM

DEGREE DAYS
HEATING TOTAL      0                  1      -1        0
 SINCE 7/1         0                  0       0       MM
COOLING TOTAL    409                408       1      453
 SINCE 1/1      1698               1358     340       MM
................................................................

WIND (MPH)
AVERAGE WIND SPEED              9.6
HIGHEST WIND SPEED/DIRECTION    44/030    DATE  08/29
HIGHEST GUST SPEED/DIRECTION    56/020    DATE  08/29

SKY COVER
POSSIBLE SUNSHINE (PERCENT)   MM
NUMBER OF DAYS FAIR           26
NUMBER OF DAYS PC              4
NUMBER OF DAYS CLOUDY          1

AVERAGE RH (PERCENT)     57

WEATHER CONDITIONS. NUMBER OF DAYS WITH
THUNDERSTORM              6     MIXED PRECIP               0
HEAVY RAIN                0     RAIN                       2
LIGHT RAIN                5     FREEZING RAIN              0
LT FREEZING RAIN          0     HAIL                       1
HEAVY SNOW                0     SNOW                       0
LIGHT SNOW                0     SLEET                      0
FOG                       6     FOG W/VIS <= 1/4 MILE      0
HAZE                      1

-  INDICATES NEGATIVE NUMBERS.
R  INDICATES RECORD WAS SET OR TIED.
MM INDICATES DATA IS MISSING.
T  INDICATES TRACE AMOUNT.

$$
