000
CXUS52 KJAX 011316
CLMAMG

CLIMATE REPORT
NATIONAL WEATHER SERVICE JACKSONVILLE FL
916 AM EDT THU SEP 01 2022

...................................

...THE ALMA CLIMATE SUMMARY FOR THE MONTH OF AUGUST 2022...

CLIMATE NORMAL PERIOD: 1991 TO 2020
CLIMATE RECORD PERIOD: 1938 TO 2022

WEATHER         OBSERVED          NORMAL  DEPART   LAST YEAR`S
                VALUE   DATE(S)   VALUE   FROM     VALUE DATE(S)
                                          NORMAL
................................................................
TEMPERATURE (F)
RECORD
 HIGH            105   08/18/1995
 LOW              57   08/25/1957
HIGHEST           97   08/01         98      -1       95  08/19
                       08/04
LOWEST            66   08/15         65       1       70  08/05
                                                          08/06
                                                          08/10
AVG. MAXIMUM    92.7               92.0     0.7     89.7
AVG. MINIMUM    72.5               71.5     1.0     72.9
MEAN            82.6               81.7     0.9     81.3
DAYS MAX >= 90    27               23.0     4.0       21
DAYS MIN <= 32     0                0.0     0.0        0

PRECIPITATION (INCHES)
RECORD
 MAXIMUM       13.17   1949
 MINIMUM        0.77   1995
TOTALS          4.09               5.37   -1.28     7.15
DAILY AVG.      0.13               0.17   -0.04     0.23
DAYS >= .01       13               11.8     1.2       16
DAYS >= .10        7                7.8    -0.8       14
DAYS >= .50        2                3.6    -1.6        6
DAYS >= 1.00       1                1.6    -0.6        2
GREATEST
 24 HR. TOTAL   1.34   08/06 TO 08/06

SNOWFALL (INCHES)
RECORDS
 TOTAL             T   1953
TOTALS           0.0                0.0     0.0      0.0

DEGREE DAYS
HEATING TOTAL      0                  0       0        0
 SINCE 7/1         0                  0       0       MM
COOLING TOTAL    553                519      34      514
 SINCE 1/1      2150               1962     188       MM
................................................................

WIND (MPH)
AVERAGE WIND SPEED              2.8
HIGHEST WIND SPEED/DIRECTION    31/190    DATE  08/11
HIGHEST GUST SPEED/DIRECTION    50/180    DATE  08/11

SKY COVER
AVERAGE SKY COVER           0.28

AVERAGE RH (PERCENT)     75

WEATHER CONDITIONS. NUMBER OF DAYS WITH
THUNDERSTORM             17     MIXED PRECIP               0
HEAVY RAIN                8     RAIN                      12
LIGHT RAIN               17     FREEZING RAIN              0
LT FREEZING RAIN          0     HAIL                       0
HEAVY SNOW                0     SNOW                       0
LIGHT SNOW                0     SLEET                      0
FOG                      21     FOG W/VIS <= 1/4 MILE      3
HAZE                      0

-  INDICATES NEGATIVE NUMBERS.
R  INDICATES RECORD WAS SET OR TIED.
MM INDICATES DATA IS MISSING.
T  INDICATES TRACE AMOUNT.

$$
