000
CXUS54 KBMX 021517
CLMANB

CLIMATE REPORT
NATIONAL WEATHER SERVICE BIRMINGHAM AL
1017 AM CDT FRI SEP 02 2022

...................................

...THE ANNISTON CLIMATE SUMMARY FOR THE MONTH OF AUGUST 2022...

CLIMATE NORMAL PERIOD 1991 TO 2020
CLIMATE RECORD PERIOD 1903 TO 2022

WEATHER         OBSERVED          NORMAL  DEPART   LAST YEAR`S
                VALUE   DATE(S)   VALUE   FROM     VALUE DATE(S)
                                          NORMAL
................................................................
TEMPERATURE (F)
RECORD
 HIGH            106   08/21/1983
 LOW              50   08/28/1952
HIGHEST           94   08/06         MM      MM       95  08/24
                                                          08/25
LOWEST            66   08/13         MM      MM       69  08/05
AVG. MAXIMUM    88.1               89.8    -1.7     89.5
AVG. MINIMUM    70.6               70.0     0.6     72.0
MEAN            79.4                                80.7
DAYS MAX >= 90    13               17.7    -4.7       19
DAYS MAX <= 32     0                0.0     0.0        0
DAYS MIN <= 32     0                0.0     0.0        0
DAYS MIN <= 0      0                0.0     0.0        0

PRECIPITATION (INCHES)
RECORD
 MAXIMUM       12.73   1967
 MINIMUM        0.40   2011
TOTALS          1.24               3.51   -2.27     4.03
DAILY AVG.      0.04               0.11   -0.07
DAYS >= .01        6                9.6    -3.6
DAYS >= .10        4                6.0    -2.0
DAYS >= .50        1                2.7    -1.7
DAYS >= 1.00       0                0.9    -0.9

DEGREE DAYS
COOLING TOTAL    454                462      -8      496
 SINCE 1/1      1728               1580     148       MM
................................................................

WIND (MPH)
AVERAGE WIND SPEED              3.4
HIGHEST WIND SPEED/DIRECTION    26/240    DATE  08/20
HIGHEST GUST SPEED/DIRECTION    36/240    DATE  08/20

AVERAGE RH (PERCENT)     77

WEATHER CONDITIONS. NUMBER OF DAYS WITH
THUNDERSTORM             13     MIXED PRECIP               0
HEAVY RAIN                6     RAIN                       7
LIGHT RAIN               14     FREEZING RAIN              0
LT FREEZING RAIN          0     HAIL                       0
HEAVY SNOW                0     SNOW                       0
LIGHT SNOW                0     SLEET                      0
FOG                      16     FOG W/VIS <= 1/4 MILE      3
HAZE                      2

-  INDICATES NEGATIVE NUMBERS.
R  INDICATES RECORD WAS SET OR TIED.
MM INDICATES DATA IS MISSING.
T  INDICATES TRACE AMOUNT.

$$
