000
CXUS53 KAPX 010536
CLMANJ

CLIMATE REPORT
NATIONAL WEATHER SERVICE
136 AM EDT SAT OCT 01 2022

...................................

...THE SAULT STE MARIE MI CLIMATE SUMMARY FOR THE MONTH OF SEPTEMBER 2022...

CLIMATE NORMAL PERIOD: 1991 TO 2020
CLIMATE RECORD PERIOD: 1888 TO 2022

WEATHER         OBSERVED          NORMAL  DEPART   LAST YEAR`S
                VALUE   DATE(S)   VALUE   FROM     VALUE
                                          NORMAL
..............................................................
TEMPERATURE (F)
RECORD
 HIGH             95   09/08/1976
 LOW              25   09/30/1993
                       09/23/1981
                       09/25/1947
HIGHEST           83   09/02         MM      MM
LOWEST            33   09/29         MM      MM
AVG. MAXIMUM    68.6               68.0     0.6
AVG. MINIMUM    50.3               48.7     1.6
MEAN            59.4               58.4     1.0
DAYS MAX <= 32     0                0.0     0.0
DAYS MIN <= 0      0                0.0     0.0
DAYS MIN <= -20    0

PRECIPITATION (INCHES)
TOTALS          2.15               3.93   -1.78
DAYS >= .01       13               13.1    -0.1
DAYS >= .10        8                8.4    -0.4
DAYS >= .50        0                2.5    -2.5
DAYS >= 1.00       0                0.7    -0.7
GREATEST
 24 HR. TOTAL   0.60   09/15 TO 09/16

SNOWFALL (INCHES)
RECORDS
 TOTAL            MM   MM
TOTALS           0.0                0.0     0.0       MM
DAYS >= TRACE      0                0.0               MM
GREATEST
 SNOW DEPTH        0                                  MM

DEGREE DAYS
HEATING TOTAL    185                225     -40
 SINCE 7/1       260                344     -84
COOLING TOTAL     24                 25      -1
 SINCE 1/1       225                235     -10
..............................................................

WIND (MPH)
AVERAGE WIND SPEED              5.8
HIGHEST WIND SPEED/DIRECTION    26/220    DATE  09/02
HIGHEST GUST SPEED/DIRECTION    46/270    DATE  09/21

SKY COVER
AVERAGE SKY COVER           0.47

AVERAGE RH (PERCENT)     75


-  INDICATES NEGATIVE NUMBERS.
R  INDICATES RECORD WAS SET OR TIED.
MM INDICATES DATA IS MISSING.
T  INDICATES TRACE AMOUNT.

$$
