000
CXUS51 KCTP 010621
CLMAOO

CLIMATE REPORT
NATIONAL WEATHER SERVICE STATE COLLEGE PA
221 AM EDT SAT OCT 01 2022

...................................

...THE ALTOONA CLIMATE SUMMARY FOR THE MONTH OF SEPTEMBER 2022...

CLIMATE NORMAL PERIOD 1991 TO 2020
CLIMATE RECORD PERIOD 1948 TO 2022

WEATHER         OBSERVED          NORMAL  DEPART   LAST YEAR`S
                VALUE   DATE(S)   VALUE   FROM     VALUE DATE(S)
                                          NORMAL
................................................................
TEMPERATURE (F)
RECORD
 HIGH             97   09/03/1953
 LOW              29   09/27/1957
HIGHEST           87   09/04                          85  09/15
                                                          09/18
LOWEST            40   09/30                          45  09/25
                                                          09/30
AVG. MAXIMUM    74.5               74.2     0.3     75.9
AVG. MINIMUM    53.4               53.2     0.2     54.8
MEAN            64.0               63.7     0.3     65.3
DAYS MAX >= 90     0                0.8    -0.8        0
DAYS MAX <= 32     0                0.0     0.0        0
DAYS MIN <= 32     0                0.1    -0.1        0
DAYS MIN <= 0      0                0.0     0.0        0

PRECIPITATION (INCHES)
RECORD
 MAXIMUM       14.20   2004
 MINIMUM        0.31   1985
TOTALS          2.34               3.96   -1.62     8.31
DAILY AVG.      0.08               0.13   -0.05     0.28
DAYS >= .01       14               10.3     3.7       10
DAYS >= .10        8                5.7     2.3        7
DAYS >= .50        1                2.5    -1.5        3
DAYS >= 1.00       0                1.0    -1.0        2
GREATEST
 24 HR. TOTAL   0.68   09/04 TO 09/05               5.21  08/31 TO 09/01


DEGREE DAYS
HEATING TOTAL     93                108     -15       54
 SINCE 7/1        97                124     -27       MM
COOLING TOTAL     70                 69       1       72
 SINCE 1/1       767                682      85       MM
................................................................

WIND (MPH)
AVERAGE WIND SPEED              4.6
HIGHEST WIND SPEED/DIRECTION    25/300    DATE  09/22
HIGHEST GUST SPEED/DIRECTION    37/320    DATE  09/22

SKY COVER
POSSIBLE SUNSHINE (PERCENT)   MM
AVERAGE SKY COVER           0.45
NUMBER OF DAYS FAIR           14
NUMBER OF DAYS PC             10
NUMBER OF DAYS CLOUDY          6

AVERAGE RH (PERCENT)     74

WEATHER CONDITIONS. NUMBER OF DAYS WITH
THUNDERSTORM              4     MIXED PRECIP               0
HEAVY RAIN                4     RAIN                       7
LIGHT RAIN               16     FREEZING RAIN              0
LT FREEZING RAIN          0     HAIL                       0
HEAVY SNOW                0     SLEET                      0
FOG                      20     FOG W/VIS <= 1/4 MILE      5
HAZE                      2

-  INDICATES NEGATIVE NUMBERS.
R  INDICATES RECORD WAS SET OR TIED.
MM INDICATES DATA IS MISSING.
T  INDICATES TRACE AMOUNT.

$$
