000
CXUS53 KAPX 010536
CLMAPN

CLIMATE REPORT
NATIONAL WEATHER SERVICE
136 AM EDT SAT OCT 01 2022

...................................

...THE ALPENA MI CLIMATE SUMMARY FOR THE MONTH OF SEPTEMBER 2022...

CLIMATE NORMAL PERIOD: 1991 TO 2020
CLIMATE RECORD PERIOD: 1916 TO 2022

WEATHER         OBSERVED          NORMAL  DEPART   LAST YEAR`S
                VALUE   DATE(S)   VALUE   FROM     VALUE
                                          NORMAL
..............................................................
TEMPERATURE (F)
HIGHEST           88   09/02         MM      MM
LOWEST            30   09/29         MM      MM
AVG. MAXIMUM    72.3               71.0     1.3
AVG. MINIMUM    49.1               47.0     2.1
MEAN            60.7               59.0     1.7
DAYS MAX >= 90     0                1.0    -1.0
DAYS MAX <= 32     0                0.0     0.0
DAYS MIN <= 32     2                1.0     1.0
DAYS MIN <= 0      0                0.0     0.0

PRECIPITATION (INCHES)
TOTALS          1.41               2.84   -1.43
DAYS >= .01       11               11.2    -0.2
DAYS >= .10        3                6.2    -3.2
DAYS >= .50        1                1.8    -0.8
DAYS >= 1.00       0                0.5    -0.5
GREATEST
 24 HR. TOTAL   0.91   09/26 TO 09/27

SNOWFALL (INCHES)
TOTALS           0.0                0.0     0.0
DAYS >= TRACE      0                        0.0
DAYS >= 1.0        0                        0.0
GREATEST
 SNOW DEPTH        0
 24 HR TOTAL     0.0

DEGREE DAYS
HEATING TOTAL    180                212     -32
 SINCE 7/1       216                300     -84
COOLING TOTAL     60                 32      28
 SINCE 1/1       395                348      47
..............................................................

WIND (MPH)
AVERAGE WIND SPEED              6.1
HIGHEST WIND SPEED/DIRECTION    25/340    DATE  09/22
HIGHEST GUST SPEED/DIRECTION    38/350    DATE  09/22

SKY COVER
AVERAGE SKY COVER           0.42

AVERAGE RH (PERCENT)     73


-  INDICATES NEGATIVE NUMBERS.
R  INDICATES RECORD WAS SET OR TIED.
MM INDICATES DATA IS MISSING.
T  INDICATES TRACE AMOUNT.

$$
