000
CXUS51 KBUF 011447
CLMART

CLIMATE REPORT
NATIONAL WEATHER SERVICE BUFFALO NY
1047 AM EDT THU SEP 01 2022

...................................

...THE WATERTOWN NY CLIMATE SUMMARY FOR THE MONTH OF AUGUST 2022...

CLIMATE NORMAL PERIOD: 1991 TO 2020
CLIMATE RECORD PERIOD: 1949 TO 2022

WEATHER         OBSERVED          NORMAL  DEPART   LAST YEAR`S
                VALUE   DATE(S)   VALUE   FROM     VALUE DATE(S)
                                          NORMAL
................................................................
TEMPERATURE (F)
RECORD
 HIGH             96   08/19/1955
 LOW              30   08/27/1969
HIGHEST           90   08/06                          87  08/09
                       08/08
                       08/29
                                                          08/25
LOWEST            43   08/13                          48  08/16
AVG. MAXIMUM    82.2               78.2     4.0     80.8
AVG. MINIMUM    59.1               56.7     2.4     62.9
MEAN            70.6               67.5     3.1     71.8
DAYS MAX >= 90     3                0.7     2.3        0
DAYS MAX <= 32     0                0.0     0.0        0
DAYS MIN <= 32     0                0.0     0.0        0
DAYS MIN <= 0      0                0.0     0.0        0

PRECIPITATION (INCHES)
RECORD
 MAXIMUM        7.70   1981
 MINIMUM        0.55   1960
TOTALS          5.29               3.20    2.09     6.53
DAYS >= .01       14               10.5     3.5       10
DAYS >= .10        8                6.4     1.6        7
DAYS >= .50        4                2.0     2.0        5
DAYS >= 1.00       1                0.7     0.3        2
GREATEST
 24 HR. TOTAL   1.92   08/21 TO 08/22               2.37  07/31 TO 08/01


DEGREE DAYS
HEATING TOTAL      7                 40     -33        7
 SINCE 7/1        16                 64     -48       MM
COOLING TOTAL    189                116      73      229
 SINCE 1/1       448                341     107       MM
................................................................

WIND (MPH)
AVERAGE WIND SPEED              5.8
HIGHEST WIND SPEED/DIRECTION    29/250    DATE  08/31
HIGHEST GUST SPEED/DIRECTION    38/260    DATE  08/31

SKY COVER
POSSIBLE SUNSHINE (PERCENT)   MM
AVERAGE SKY COVER           0.36
NUMBER OF DAYS FAIR           16
NUMBER OF DAYS PC             13
NUMBER OF DAYS CLOUDY          2

AVERAGE RH (PERCENT)     74

WEATHER CONDITIONS. NUMBER OF DAYS WITH
THUNDERSTORM              6     MIXED PRECIP               0
HEAVY RAIN                7     RAIN                       9
LIGHT RAIN               14     FREEZING RAIN              0
LT FREEZING RAIN          0     HAIL                       0
HEAVY SNOW                0     SNOW                       0
LIGHT SNOW                0     SLEET                      0
FOG                      19     FOG W/VIS <= 1/4 MILE      2
HAZE                      2

-  INDICATES NEGATIVE NUMBERS.
R  INDICATES RECORD WAS SET OR TIED.
MM INDICATES DATA IS MISSING.
T  INDICATES TRACE AMOUNT.

$$
