000
CXUS55 KGJT 010949
CLMASE

CLIMATE REPORT
NATIONAL WEATHER SERVICE GRAND JUNCTION CO
349 AM MDT THU SEP 01 2022

...................................

...THE ASPEN CO CLIMATE SUMMARY FOR THE MONTH OF AUGUST 2022...

CLIMATE NORMAL PERIOD 1991 TO 2020
CLIMATE RECORD PERIOD 9999 TO 9999

WEATHER         OBSERVED          NORMAL  DEPART   LAST YEAR`S
                VALUE   DATE(S)   VALUE   FROM     VALUE DATE(S)
                                          NORMAL
................................................................
TEMPERATURE (F)
HIGHEST           87   08/09         MM      MM       89  08/12
LOWEST            40   08/29         MM      MM       36  08/20
AVG. MAXIMUM    79.6               79.5     0.1     79.8
AVG. MINIMUM    49.4               47.2     2.2     47.5
MEAN            64.5               63.3     1.2     63.6
DAYS MAX >= 90     0                0.2    -0.2        0
DAYS MAX <= 32     0                0.0     0.0        0
DAYS MIN <= 32     0                0.0     0.0        0
DAYS MIN <= 0      0                0.0     0.0        0

PRECIPITATION (INCHES)
TOTALS          2.29               1.48    0.81     2.02
DAILY AVG.      0.07               0.05    0.02     0.07
DAYS >= .01       12               11.7     0.3        8
DAYS >= .10        4                4.9    -0.9        3
DAYS >= .50        1                0.3     0.7        1
DAYS >= 1.00       1                0.0     1.0        0
GREATEST
 24 HR. TOTAL   1.01   08/01 TO 08/01               0.91

SNOWFALL (INCHES)
TOTALS            MM                 MM      MM       MM
SINCE 7/1         MM                 MM      MM       MM
SNOWDEPTH AVG.    MM                                  MM
DAYS >= 1.0       MM                 MM      MM       MM
GREATEST
 SNOW DEPTH       MM                                  MM  MM
 24 HR TOTAL      MM                                  MM

DEGREE DAYS
HEATING TOTAL     49                 77     -28       66
 SINCE 7/1        75                116     -41       81
COOLING TOTAL     42                 26      16       31
 SINCE 1/1       110                 86      24      181
................................................................

WIND (MPH)
AVERAGE WIND SPEED              5.6
HIGHEST WIND SPEED/DIRECTION    29/170    DATE  08/01
HIGHEST GUST SPEED/DIRECTION    40/120    DATE  08/01
                                40/160          08/12
                                40/160          08/13

SKY COVER
POSSIBLE SUNSHINE (PERCENT)   MM
AVERAGE SKY COVER           0.32
NUMBER OF DAYS FAIR           19
NUMBER OF DAYS PC             10
NUMBER OF DAYS CLOUDY          2

AVERAGE RH (PERCENT)     55

WEATHER CONDITIONS. NUMBER OF DAYS WITH
THUNDERSTORM             14     MIXED PRECIP               0
HEAVY RAIN                3     RAIN                       4
LIGHT RAIN               17     FREEZING RAIN              0
LT FREEZING RAIN          0     HAIL                       0
HEAVY SNOW                0     SNOW                       0
LIGHT SNOW                0     SLEET                      0
FOG                       4     FOG W/VIS <= 1/4 MILE      0
HAZE                      0

-  INDICATES NEGATIVE NUMBERS.
R  INDICATES RECORD WAS SET OR TIED.
MM INDICATES DATA IS MISSING.
T  INDICATES TRACE AMOUNT.

$$
