000
CXUS53 KDLH 011649
CLMASX

CLIMATE REPORT
NATIONAL WEATHER SERVICE DULUTH MN
1149 AM CDT THU SEP 01 2022

...................................

...THE ASHLAND CLIMATE SUMMARY FOR THE MONTH OF AUGUST 2022...

CLIMATE NORMAL PERIOD: 1991 TO 2020
CLIMATE RECORD PERIOD: 1893 TO 2022

WEATHER         OBSERVED          NORMAL  DEPART   LAST YEAR`S
                VALUE   DATE(S)   VALUE   FROM     VALUE DATE(S)
                                          NORMAL
................................................................
TEMPERATURE (F)
RECORD
 HIGH            103   08/24/1948
 LOW              29   08/29/1934
HIGHEST           88   08/05         MM      MM       93  08/23
LOWEST            45   08/11         MM      MM       40  08/14
AVG. MAXIMUM    78.1               77.1     1.0     81.5
AVG. MINIMUM    54.1               53.2     0.9     55.0
MEAN            66.1               65.1     1.0     68.2
DAYS MAX >= 90     0                1.0    -1.0        4
DAYS MAX <= 32     0                0.0     0.0        0
DAYS MIN <= 32     0                0.0     0.0        0
DAYS MIN <= 0      0                0.0     0.0        0

PRECIPITATION (INCHES)
RECORD
 MAXIMUM       10.07   1941
 MINIMUM        0.16   1930
TOTALS          1.75               3.44   -1.69     1.38
DAILY AVG.      0.06               0.11   -0.05     0.04
DAYS >= .01       12               13.9    -1.9        9
DAYS >= .10        4                6.3    -2.3        3
DAYS >= .50        1                2.2    -1.2        1
DAYS >= 1.00       0                1.0    -1.0        0
GREATEST
 24 HR. TOTAL   0.93   08/18 TO 08/19


DEGREE DAYS
HEATING TOTAL     34                 70     -36       31
 SINCE 7/1        86                128     -42       MM
COOLING TOTAL     78                 75       3      141
 SINCE 1/1       264                232      32       MM
................................................................

WIND (MPH)
AVERAGE WIND SPEED              6.8
HIGHEST WIND SPEED/DIRECTION    30/210    DATE  08/29
HIGHEST GUST SPEED/DIRECTION    47/200    DATE  08/29

SKY COVER
POSSIBLE SUNSHINE (PERCENT)   MM
AVERAGE SKY COVER           0.41
NUMBER OF DAYS FAIR           15
NUMBER OF DAYS PC             11
NUMBER OF DAYS CLOUDY          5

AVERAGE RH (PERCENT)     76

WEATHER CONDITIONS. NUMBER OF DAYS WITH
THUNDERSTORM              2     MIXED PRECIP               0
HEAVY RAIN                2     RAIN                       2
LIGHT RAIN               12     FREEZING RAIN              0
LT FREEZING RAIN          0     HAIL                       0
HEAVY SNOW                0     SNOW                       0
LIGHT SNOW                0     SLEET                      0
FOG                      23     FOG W/VIS <= 1/4 MILE      8
HAZE                      3

-  INDICATES NEGATIVE NUMBERS.
R  INDICATES RECORD WAS SET OR TIED.
MM INDICATES DATA IS MISSING.
T  INDICATES TRACE AMOUNT.

$$
