000
CXUS52 KFFC 051828
CLMATL

CLIMATE REPORT
NATIONAL WEATHER SERVICE PEACHTREE CITY GA
228 PM EDT MON SEP 05 2022

...................................

...THE ATLANTA CLIMATE SUMMARY FOR THE MONTH OF AUGUST 2022...

CLIMATE NORMAL PERIOD: 1991 TO 2020
CLIMATE RECORD PERIOD: 1878 TO 2022

WEATHER         OBSERVED          NORMAL  DEPART   LAST YEAR`S
                VALUE   DATE(S)   VALUE   FROM     VALUE DATE(S)
                                          NORMAL
................................................................
TEMPERATURE (F)
RECORD
 HIGH            104   08/22/2007
 LOW              55   08/29/1992
                       08/30/1986
                       08/24/1891
HIGHEST           92   08/02         MM      MM       94  08/14
LOWEST            67   08/17         MM      MM       69  08/05
                                                          08/08
AVG. MAXIMUM    87.5               89.0    -1.5     88.1
AVG. MINIMUM    71.6               71.3     0.3     72.6
MEAN            79.5               80.2    -0.7     80.4
DAYS MAX >= 90    12               13.7    -1.7       11
DAYS MAX <= 32     0                0.0     0.0        0
DAYS MIN <= 32     0                0.0     0.0        0
DAYS MIN <= 0      0                0.0     0.0        0

PRECIPITATION (INCHES)
RECORD
 MAXIMUM       10.02   1920
 MINIMUM        0.02   1925
TOTALS          6.79               4.30    2.49     6.96
DAILY AVG.      0.22               0.14    0.08     0.22
DAYS >= .01       17               10.2     6.8       12
DAYS >= .10       13                6.5     6.5        8
DAYS >= .50        6                2.9     3.1        4
DAYS >= 1.00       2                1.4     0.6        2
GREATEST
 24 HR. TOTAL   1.28   08/09 TO 08/10               3.61  08/16 TO 08/17

DEGREE DAYS
HEATING TOTAL      0                  0       0        0
 SINCE 7/1         0                  0       0       MM
COOLING TOTAL    459                470     -11      486
 SINCE 1/1      1844               1648     196       MM
................................................................

WIND (MPH)
AVERAGE WIND SPEED              5.9
HIGHEST WIND SPEED/DIRECTION    32/210    DATE  08/10
                                32/330          08/30
HIGHEST GUST SPEED/DIRECTION    44/210    DATE  08/10

SKY COVER
POSSIBLE SUNSHINE (PERCENT)   MM
AVERAGE SKY COVER           0.68
NUMBER OF DAYS FAIR            1
NUMBER OF DAYS PC             19
NUMBER OF DAYS CLOUDY         11

AVERAGE RH (PERCENT)     74

WEATHER CONDITIONS. NUMBER OF DAYS WITH
THUNDERSTORM             15     MIXED PRECIP               0
HEAVY RAIN               10     RAIN                      12
LIGHT RAIN               20     FREEZING RAIN              0
LT FREEZING RAIN          0     HAIL                       0
HEAVY SNOW                0     SNOW                       0
LIGHT SNOW                0     SLEET                      0
FOG                      16     FOG W/VIS <= 1/4 MILE      0
HAZE                      3

-  INDICATES NEGATIVE NUMBERS.
R  INDICATES RECORD WAS SET OR TIED.
MM INDICATES DATA IS MISSING.
T  INDICATES TRACE AMOUNT.

$$
