000
CXUS54 KEWX 011354
CLMATT

CLIMATE REPORT
NATIONAL WEATHER SERVICE AUSTIN/SAN ANTONIO
851 AM CDT SAT OCT 01 2022

...................................

...THE AUSTIN CAMP MABRY CLIMATE SUMMARY FOR THE MONTH OF SEPTEMBER 2022...

CLIMATE NORMAL PERIOD: 1991 TO 2020
CLIMATE RECORD PERIOD: 1897 TO 2022

WEATHER         OBSERVED          NORMAL  DEPART   LAST YEAR`S
                VALUE   DATE(S)   VALUE   FROM     VALUE DATE(S)
                                          NORMAL
................................................................
TEMPERATURE (F)
HIGHEST           99   09/22                         102  09/05
                                                          09/20
LOWEST            61   09/27                          58  09/23
                       09/29
AVG. MAXIMUM    94.6               91.4     3.2     95.5
AVG. MINIMUM    70.8               70.1     0.7     70.3
MEAN            82.7               80.8     1.9     82.9
DAYS MAX >= 90    29                                  26
DAYS MAX <= 32     0                                   0
DAYS MIN <= 32     0                                   0
DAYS MIN <= 0      0                                   0

PRECIPITATION (INCHES)
TOTALS          0.47               3.45   -2.98     1.79
DAILY AVG.      0.02               0.11   -0.09     0.06
DAYS >= .01        3                                   3
DAYS >= .10        1                                   3
DAYS >= .50        0                                   1
DAYS >= 1.00       0                                   1
GREATEST
 24 HR. TOTAL   0.37   09/07 TO 09/07

SNOWFALL (INCHES)
TOTALS           0.0                0.0     0.0      0.0
SINCE 7/1        0.0

DEGREE DAYS
HEATING TOTAL      0                  1      -1        0
 SINCE 7/1         0                  0       0       MM
COOLING TOTAL    539                474      65      546
 SINCE 1/1      3653               2974     679       MM
................................................................

WIND (MPH)
AVERAGE WIND SPEED              2.9
HIGHEST WIND SPEED/DIRECTION    17/130    DATE  09/07
HIGHEST GUST SPEED/DIRECTION    32/120    DATE  09/07

SKY COVER
POSSIBLE SUNSHINE (PERCENT)   MM
AVERAGE SKY COVER           0.14
NUMBER OF DAYS FAIR           26
NUMBER OF DAYS PC              4
NUMBER OF DAYS CLOUDY          0

AVERAGE RH (PERCENT)     60

WEATHER CONDITIONS. NUMBER OF DAYS WITH
THUNDERSTORM              4     MIXED PRECIP               0
HEAVY RAIN                1     RAIN                       1
LIGHT RAIN                2     FREEZING RAIN              0
LT FREEZING RAIN          0     HAIL                       0
HEAVY SNOW                0     SNOW                       0
LIGHT SNOW                0     SLEET                      0
FOG                       4     FOG W/VIS <= 1/4 MILE      0
HAZE                      1

-  INDICATES NEGATIVE NUMBERS.
R  INDICATES RECORD WAS SET OR TIED.
MM INDICATES DATA IS MISSING.
T  INDICATES TRACE AMOUNT.

&&

MONTHLY CLIMATE SUMMARY:
SEPTEMBER 2022 WAS THE 12TH WARMEST SEPTEMBER AND
THE 12TH DRIEST SEPTEMBER SINCE RECORD KEEPING BEGAN.

SEA LEVEL PRESSURE DATA:
HIGHEST SLP 30.26 ON THE 28TH
LOWEST SLP 29.68 ON THE 9TH

PRELIMINARY LOCAL CLIMATOLOGICAL DATA (WS FORM: F-6)

                                          STATION:   AUSTIN CAMP MABRY
                                          MONTH:     SEPTEMBER
                                          YEAR:      2022
                                          LATITUDE:   30 17 N
                                          LONGITUDE:  97 42 W

  TEMPERATURE IN F:       :PCPN:    SNOW:  WIND      :SUNSHINE: SKY     :PK WND
================================================================================
1   2   3   4   5  6A  6B    7    8   9   10  11  12  13   14  15   16   17  18
                                     12Z  AVG MX 2MIN
DY MAX MIN AVG DEP HDD CDD  WTR  SNW DPTH SPD SPD DIR MIN PSBL S-S WX    SPD DR
================================================================================

 1  94  73  84   0   0  19 0.00  0.0    0  1.9 14  90   M    M   1 3      26  80
 2  95  74  85   1   0  20 0.00  0.0    0  2.4 12 130   M    M   2        19 120
 3  90  74  82  -2   0  17 0.03  0.0    0  1.2 10 330   M    M   2 13     22 310
 4  92  71  82  -2   0  17 0.07  0.0    0  3.1 16  10   M    M   1 3      30  10
 5  94  67  81  -2   0  16 0.00  0.0    0  2.6  9 170   M    M   0        18 150
 6  96  71  84   1   0  19 0.00  0.0    0  2.9 10 120   M    M   0        16 160
 7  95  72  84   1   0  19 0.37  0.0    0  2.0 17 130   M    M   2 13     32 120
 8  95  71  83   0   0  18 0.00  0.0    0  2.8  9  20   M    M   2        16  70
 9  94  71  83   1   0  18 0.00  0.0    0  2.4  9 110   M    M   1        15 100
10  95  74  85   3   0  20 0.00  0.0    0  2.6  8 100   M    M   3 1      14  90
11  92  72  82   0   0  17 0.00  0.0    0  3.6 12 360   M    M   2        21 350
12  92  69  81  -1   0  16 0.00  0.0    0  1.6  8 110   M    M   0        13  20
13  94  72  83   1   0  18 0.00  0.0    0  2.7 10 130   M    M   1        17 150
14  93  72  83   2   0  18 0.00  0.0    0  2.7 10 140   M    M   1 18     19 150
15  92  66  79  -2   0  14 0.00  0.0    0  3.7 13 130   M    M   4        19 120
16  96  75  86   5   0  21 0.00  0.0    0  5.0 13 130   M    M   4        24 150
17  98  77  88   8   0  23 0.00  0.0    0  5.8 14 140   M    M   4        24 150
18  97  75  86   6   0  21 0.00  0.0    0  4.3 10 150   M    M   4        17 180
19  98  76  87   7   0  22 0.00  0.0    0  3.4 10 140   M    M   3        20 130
20  98  76  87   7   0  22 0.00  0.0    0  2.7  9 130   M    M   2        17 170
21  98  73  86   7   0  21 0.00  0.0    0  1.9  9 130   M    M   0        16 150
22  99  70  85   6   0  20 0.00  0.0    0  2.0 12 140   M    M   0        20 150
23  98  72  85   6   0  20 0.00  0.0    0  3.6 12 160   M    M   1        21 160
24  95  71  83   4   0  18 0.00  0.0    0  3.3 12 140   M    M   2        18 140
25  97  73  85   7   0  20 0.00  0.0    0  1.4  9 110   M    M   1        14 110
26  93  68  81   3   0  16 0.00  0.0    0  6.0 15 360   M    M   1        26 360
27  92  61  77  -1   0  12 0.00  0.0    0  1.6 10 120   M    M   0        16 120
28  92  64  78   0   0  13 0.00  0.0    0  1.6 10 120   M    M   0        15 150
29  94  61  78   1   0  13 0.00  0.0    0  2.0 12 330   M    M   0        23 350
30  89  63  76  -1   0  11 0.00  0.0    0  3.1  8 110   M    M   0        14  90
================================================================================
SM 2837 2124         0 539  0.47  0.0     85.9          M       44
================================================================================
AV 94.6 70.8                               2.9 FASTST   M    M   1    MAX(MPH)
                                 MISC ---->    17 130                 32 120
================================================================================
NOTES:
# LAST OF SEVERAL OCCURRENCES

COLUMN 17 PEAK WIND IN M.P.H.

SYMBOLS USED IN COLUMN 16
1 = FOG OR MIST
2 = FOG REDUCING VISIBILITY TO 1/4 MILE OR LESS
3 = THUNDER
4 = ICE PELLETS
5 = HAIL
6 = FREEZING RAIN OR DRIZZLE
7 = DUSTSTORM OR SANDSTORM: VSBY 1/2 MILE OR LESS
8 = SMOKE OR HAZE
9 = BLOWING SNOW
X = TORNADO

$$
