000
CXUS54 KEWX 011839
CLMAUS

CLIMATE REPORT
NATIONAL WEATHER SERVICE AUSTIN/SAN ANTONIO
134 PM CDT THU SEP 01 2022

...................................

...THE AUSTIN BERGSTROM CLIMATE SUMMARY FOR THE MONTH OF AUGUST 2022...

CLIMATE NORMAL PERIOD: 1991 TO 2020
CLIMATE RECORD PERIOD: 1943 TO 2022

WEATHER         OBSERVED          NORMAL  DEPART   LAST YEAR`S
                VALUE   DATE(S)   VALUE   FROM     VALUE DATE(S)
                                          NORMAL
................................................................
TEMPERATURE (F)
HIGHEST          104   08/03                          98  08/26
                                                          08/31
LOWEST            70   08/09                          68  08/11
                                                          08/23
AVG. MAXIMUM    97.7               97.0     0.7     92.6
AVG. MINIMUM    73.6               72.6     1.0     71.8
MEAN            85.7               84.8     0.9     82.2
DAYS MAX >= 90    30                                  26
DAYS MAX <= 32     0                                   0
DAYS MIN <= 32     0                                   0
DAYS MIN <= 0      0                                   0

PRECIPITATION (INCHES)
TOTALS          3.35               2.47    0.88     4.11
DAILY AVG.      0.11               0.08    0.03     0.13
DAYS >= .01        8                                   6
DAYS >= .10        5                                   4
DAYS >= .50        1                                   3
DAYS >= 1.00       1                                   2
GREATEST
 24 HR. TOTAL   2.02   08/22 TO 08/22

SNOWFALL (INCHES)
TOTALS           0.0                0.0     0.0      0.0
SINCE 7/1        0.0                0.0     0.0       MM

DEGREE DAYS
HEATING TOTAL      0                  0       0        0
 SINCE 7/1         0                  0       0       MM
COOLING TOTAL    646                614      32      544
 SINCE 1/1      2703               2316     387       MM
................................................................

WIND (MPH)
AVERAGE WIND SPEED              7.5
HIGHEST WIND SPEED/DIRECTION    30/010    DATE  08/10
HIGHEST GUST SPEED/DIRECTION    41/190    DATE  08/31

SKY COVER
POSSIBLE SUNSHINE (PERCENT)   MM
AVERAGE SKY COVER           0.56
NUMBER OF DAYS FAIR            3
NUMBER OF DAYS PC             23
NUMBER OF DAYS CLOUDY          5

AVERAGE RH (PERCENT)     67

WEATHER CONDITIONS. NUMBER OF DAYS WITH
THUNDERSTORM              6     MIXED PRECIP               0
HEAVY RAIN                2     RAIN                       6
LIGHT RAIN               11     FREEZING RAIN              0
LT FREEZING RAIN          0     HAIL                       0
HEAVY SNOW                0     SNOW                       0
LIGHT SNOW                0     SLEET                      0
FOG                       4     FOG W/VIS <= 1/4 MILE      0
HAZE                      0

-  INDICATES NEGATIVE NUMBERS.
R  INDICATES RECORD WAS SET OR TIED.
MM INDICATES DATA IS MISSING.
T  INDICATES TRACE AMOUNT.

&&

MONTHLY CLIMATE SUMMARY:
AUGUST 2022 WAS THE 26TH WARMEST AUGUST AND
THE 18TH WETTEST AUGUST SINCE RECORD KEEPING BEGAN.

SEA LEVEL PRESSURE DATA:
HIGHEST SLP 30.09 ON THE 7TH
LOWEST SLP 29.71 ON THE 28TH

PRELIMINARY LOCAL CLIMATOLOGICAL DATA (WS FORM: F-6)

                                          STATION:   AUSTIN BERGSTROM
                                          MONTH:     AUGUST
                                          YEAR:      2022
                                          LATITUDE:   30 13 N
                                          LONGITUDE:  97 40 W

  TEMPERATURE IN F:       :PCPN:    SNOW:  WIND      :SUNSHINE: SKY     :PK WND
================================================================================
1   2   3   4   5  6A  6B    7    8   9   10  11  12  13   14  15   16   17  18
                                     12Z  AVG MX 2MIN
DY MAX MIN AVG DEP HDD CDD  WTR  SNW DPTH SPD SPD DIR MIN PSBL S-S WX    SPD DR
================================================================================

 1 100  71  86   0   0  21 0.00  0.0    0  8.6 21 170   M    M   4        29 160
 2 103  73  88   2   0  23 0.00  0.0    0 12.7 23 150   M    M   2        33 170
 3 104  77  91   5   0  26 0.00  0.0    0 13.1 23 140   M    M   4        37 210
 4 103  77  90   4   0  25 0.00  0.0    0 12.1 21 200   M    M   5        30 190
 5 102  76  89   3   0  24 0.00  0.0    0  9.3 23 130   M    M   6        30 140
 6  97  77  87   1   0  22    T  0.0    0  7.9 20 120   M    M   7 3      28 110
 7 100  74  87   1   0  22 0.00  0.0    0  9.1 26 140   M    M   6        30 140
 8 100  71  86   0   0  21    T  0.0    0  6.3 23 140   M    M   5        32 130
 9 100  70  85  -1   0  20 0.00  0.0    0  6.3 21 140   M    M   3        31 140
10 103  76  90   4   0  25 0.00  0.0    0  7.9 30  10   M    M   4        39  20
11 101  74  88   2   0  23 0.00  0.0    0  5.4 21 180   M    M   6        26 170
12  99  71  85  -1   0  20 0.00  0.0    0  6.2 25 100   M    M   5        31 100
13 101  73  87   2   0  22 0.00  0.0    0  7.5 21  60   M    M   5        30  70
14  94  73  84  -1   0  19    T  0.0    0  8.2 24 130   M    M   7        32 120
15  99  71  85   0   0  20 0.00  0.0    0  8.3 21 140   M    M   6        26  90
16  99  71  85   0   0  20 0.00  0.0    0  6.5 13 150   M    M   6        17 200
17 101  74  88   3   0  23 0.00  0.0    0  6.8 14 190   M    M   4        20 200
18 100  72  86   1   0  21 0.10  0.0    0  6.5 28 350   M    M   5 3      38 360
19  94  72  83  -2   0  18 0.45  0.0    0  4.2 24  20   M    M   7 13     31  20
20 100  74  87   2   0  22 0.02  0.0    0  8.4 21 130   M    M   6 1      28 130
21  93  75  84   0   0  19 0.01  0.0    0  9.6 20 140   M    M   8        26 150
22  98  74  86   2   0  21 2.02  0.0    0  8.3 28 330   M    M   9 13     39 350
23  90  74  82  -2   0  17    T  0.0    0  3.3  9 300   M    M   8        17 330
24  94  74  84   0   0  19    T  0.0    0  5.1 15  10   M    M   7        22  30
25  94  73  84   0   0  19 0.00  0.0    0  6.3 13  50   M    M   5        22  70
26  97  72  85   1   0  20 0.00  0.0    0  6.3 16 140   M    M   3        23 120
27  97  75  86   2   0  21 0.00  0.0    0  7.0 24 150   M    M   6        32 150
28  97  75  86   3   0  21 0.04  0.0    0  8.9 23 140   M    M   5        36 150
29  97  76  87   4   0  22 0.00  0.0    0  5.2 29 110   M    M   5        37 110
30  83  75  79  -4   0  14 0.30  0.0    0  5.1 15 150   M    M   9 13     18 160
31  90  71  81  -2   0  16 0.41  0.0    0  4.7 29 200   M    M   9 3      41 190
================================================================================
SM 3030 2281         0 646  3.35  0.0    231.1          M      177
================================================================================
AV 97.7 73.6                               7.5 FASTST   M    M   6    MAX(MPH)
                                 MISC ---->    30  10                 41 190
================================================================================
NOTES:
# LAST OF SEVERAL OCCURRENCES

COLUMN 17 PEAK WIND IN M.P.H.

SYMBOLS USED IN COLUMN 16
1 = FOG OR MIST
2 = FOG REDUCING VISIBILITY TO 1/4 MILE OR LESS
3 = THUNDER
4 = ICE PELLETS
5 = HAIL
6 = FREEZING RAIN OR DRIZZLE
7 = DUSTSTORM OR SANDSTORM: VSBY 1/2 MILE OR LESS
8 = SMOKE OR HAZE
9 = BLOWING SNOW
X = TORNADO

$$
