000
CXUS53 KGRB 011301
CLMAUW

CLIMATE REPORT
NATIONAL WEATHER SERVICE GREEN BAY
801 AM CDT SAT OCT 01 2022

...................................

...THE WAUSAU WI CLIMATE SUMMARY FOR THE MONTH OF SEPTEMBER 2022...

CLIMATE NORMAL PERIOD: 1991 TO 2020
CLIMATE RECORD PERIOD: 1896 TO 2022

WEATHER         OBSERVED          NORMAL  DEPART   LAST YEAR`S
                VALUE   DATE(S)   VALUE   FROM     VALUE DATE(S)
                                          NORMAL
................................................................
TEMPERATURE (F)
RECORD
 HIGH             99   09/10/1931
 LOW              18   09/30/1899
HIGHEST           87   09/01         84       3       87  09/19
                       09/07
LOWEST            33   09/28         33       0       43  09/23
                       09/29
                                                          09/24
AVG. MAXIMUM    72.4               69.8     2.6     75.1
AVG. MINIMUM    51.3               48.6     2.7     51.5
MEAN            61.9               59.2     2.7     63.3
DAYS MAX >= 90     0                0.1    -0.1        0
DAYS MAX <= 32     0                0.0     0.0        0
DAYS MIN <= 32     0                0.5    -0.5        0
DAYS MIN <= 0      0                0.0     0.0        0

PRECIPITATION (INCHES)
RECORD
 MAXIMUM        9.79   1986
 MINIMUM        0.23   2009
TOTALS          2.53               3.83   -1.30     1.93
DAYS >= .01       13               11.5     1.5        5
DAYS >= .10        5                6.7    -1.7        3
DAYS >= .50        2                2.2    -0.2
DAYS >= 1.00       0                1.0    -1.0        0
GREATEST
 STORM TOTAL    0.82
 (MM/DD(HH))

SNOWFALL (INCHES)
RECORDS
 TOTAL           2.0   1942
 24 HR TOTAL     0.0   09/30/2002 TO 09/30/2002
TOTALS           0.0                0.0     0.0      0.0
SINCE 7/1        0.0                0.0     0.0       MM
DAYS >= TRACE      0                0.0     0.0
DAYS >= 1.0        0                0.0     0.0        0
GREATEST
 SNOW DEPTH        0                                   0  MM
 24 HR TOTAL      MM

DEGREE DAYS
HEATING TOTAL    152                209     -57       73
 SINCE 7/1       159                270    -111       MM
COOLING TOTAL     63                 35      28       28
 SINCE 1/1       665                420     245       MM
................................................................

WIND (MPH)
AVERAGE WIND SPEED              6.3
HIGHEST WIND SPEED/DIRECTION    29/220    DATE  09/02
HIGHEST GUST SPEED/DIRECTION    42/230    DATE  09/02

SKY COVER
POSSIBLE SUNSHINE (PERCENT)   MM
AVERAGE SKY COVER           0.29
NUMBER OF DAYS FAIR           19
NUMBER OF DAYS PC              9
NUMBER OF DAYS CLOUDY          2

AVERAGE RH (PERCENT)     71

WEATHER CONDITIONS. NUMBER OF DAYS WITH
THUNDERSTORM              5     MIXED PRECIP               0
HEAVY RAIN                2     RAIN                       4
LIGHT RAIN               14     FREEZING RAIN              0
LT FREEZING RAIN          0     HAIL                       0
HEAVY SNOW                0     SNOW                       0
LIGHT SNOW                0     SLEET                      0
FOG                      11     FOG W/VIS <= 1/4 MILE      0
HAZE                      6

-  INDICATES NEGATIVE NUMBERS.
R  INDICATES RECORD WAS SET OR TIED.
MM INDICATES DATA IS MISSING.
T  INDICATES TRACE AMOUNT.

$$
