000
CXUS51 KBGM 010918
CLMAVP

CLIMATE REPORT
NATIONAL WEATHER SERVICE BINGHAMTON, NY
518 AM EDT SAT OCT 01 2022

...................................

...THE AVOCA PA CLIMATE SUMMARY FOR THE MONTH OF SEPTEMBER 2022...

CLIMATE NORMAL PERIOD 1991 TO 2020
CLIMATE RECORD PERIOD 1901 TO 2022

WEATHER         OBSERVED          NORMAL  DEPART   LAST YEAR`S
                VALUE   DATE(S)   VALUE   FROM     VALUE DATE(S)
                                          NORMAL
................................................................
TEMPERATURE (F)
RECORD
 HIGH             95   09/08/2015
                       09/11/2013
                       09/10/1983
 LOW              29   09/29/2000
HIGHEST           83   09/04         72      11       86  09/15
                       09/09
                       09/18
LOWEST            40   09/24         53     -13       44  09/30
AVG. MAXIMUM    74.1               75.1    -1.0     75.3
AVG. MINIMUM    55.1               54.0     1.1     56.2
MEAN            64.6               64.6     0.0     65.8
DAYS MAX >= 90     0                1.0    -1.0        0
DAYS MAX <= 32     0                0.0     0.0        0
DAYS MIN <= 32     0                0.1    -0.1        0
DAYS MIN <= 0      0                0.0     0.0        0

PRECIPITATION (INCHES)
RECORD
 MAXIMUM       11.46   2011
 MINIMUM        0.52   1943
TOTALS          6.07               4.15    1.92    10.49
DAILY AVG.      0.20               0.14    0.06     0.35
DAYS >= .01       11               10.0     1.0       10
DAYS >= .10       10                6.4     3.6        7
DAYS >= .50        4                2.4     1.6        6
DAYS >= 1.00       2                1.3     0.7        3
GREATEST
 24 HR. TOTAL   2.67   09/05 TO 09/06

SNOWFALL (INCHES)
RECORDS
 TOTAL             T   1993
 24 HR TOTAL       T   09/29/1993 TO 09/29/1993
                       09/22/1992 TO 09/22/1992
                       09/13/1990 TO 09/13/1990
TOTALS           0.0                0.0     0.0      0.0
SINCE 7/1          T                0.0     0.0       MM
DAYS >= TRACE      0                0.0     0.0        0
DAYS >= 1.0        0                0.0     0.0        0
GREATEST
 24 HR TOTAL     0.0

DEGREE DAYS
HEATING TOTAL     86                 96     -10       51
 SINCE 7/1        86                106     -20       MM
COOLING TOTAL     84                 82       2       79
 SINCE 1/1       960                781     179       MM
................................................................

WIND (MPH)
AVERAGE WIND SPEED              5.1
RESULTANT WIND SPEED/DIRECTION   1/290
HIGHEST WIND SPEED/DIRECTION    29/330    DATE  09/22
                                29/260          09/26
HIGHEST GUST SPEED/DIRECTION    43/320    DATE  09/22
                                43/240          09/26

SKY COVER
POSSIBLE SUNSHINE (PERCENT)   MM
AVERAGE SKY COVER           0.45
NUMBER OF DAYS FAIR           12
NUMBER OF DAYS PC             12
NUMBER OF DAYS CLOUDY          6

AVERAGE RH (PERCENT)     73

WEATHER CONDITIONS. NUMBER OF DAYS WITH
THUNDERSTORM              3     MIXED PRECIP               0
HEAVY RAIN                8     RAIN                       9
LIGHT RAIN               14     FREEZING RAIN              0
LT FREEZING RAIN          0     HAIL                       0
HEAVY SNOW                0     SNOW                       0
LIGHT SNOW                0     SLEET                      0
FOG                      14     FOG W/VIS <= 1/4 MILE      2
HAZE                      0

-  INDICATES NEGATIVE NUMBERS.
R  INDICATES RECORD WAS SET OR TIED.
MM INDICATES DATA IS MISSING.
T  INDICATES TRACE AMOUNT.

$$
