000
CXUS53 KLBF 010718
CLMBBW

CLIMATE REPORT
NATIONAL WEATHER SERVICE NORTH PLATTE NE
218 AM CDT THU SEP 01 2022

...................................

...THE BROKEN BOW  CLIMATE SUMMARY FOR THE MONTH OF AUGUST 2022...

CLIMATE NORMAL PERIOD 1991 TO 2020
CLIMATE RECORD PERIOD 1894 TO 2022

WEATHER         OBSERVED          NORMAL  DEPART   LAST YEAR`S
                VALUE   DATE(S)   VALUE   FROM     VALUE DATE(S)
                                          NORMAL
................................................................
TEMPERATURE (F)
RECORD
 HIGH            113   08/17/1936
 LOW              33   08/20/1950
HIGHEST           99   08/28         96       3       98  08/24
LOWEST            51   08/08         45       6       54  08/21
                       08/21
AVG. MAXIMUM    89.5               85.5     4.0     87.4
AVG. MINIMUM    59.3               60.3    -1.0     61.0
MEAN            74.4               72.9     1.5     74.2
DAYS MAX >= 90    20                7.5    12.5       11
DAYS MAX <= 32     0                0.0     0.0        0
DAYS MIN <= 32     0                0.0     0.0        0
DAYS MIN <= 0      0                0.0     0.0        0

PRECIPITATION (INCHES)
RECORD
 MAXIMUM        9.89   1910
 MINIMUM           T   2012
TOTALS          0.42               2.57   -2.15     1.77
DAILY AVG.      0.01               0.08   -0.07     0.06
DAYS >= .01        7               10.6    -3.6       10
DAYS >= .10        1                4.8    -3.8        5
DAYS >= .50        0                1.6    -1.6        1
DAYS >= 1.00       0                0.6    -0.6        0
GREATEST
 24 HR. TOTAL   0.25   08/15 TO 08/15               0.72  08/19 TO 08/20

SNOWFALL (INCHES)
TOTALS            MM
SINCE 7/1         MM
SNOWDEPTH AVG.    MM
DAYS >= TRACE     MM
DAYS >= 1.0       MM
GREATEST
 SNOW DEPTH       MM

DEGREE DAYS
HEATING TOTAL      2                  9      -7        0
 SINCE 7/1         2                  7      -5       MM
COOLING TOTAL    302                253      49      292
 SINCE 1/1       982                810     172       MM
................................................................

WIND (MPH)
AVERAGE WIND SPEED              7.4
HIGHEST WIND SPEED/DIRECTION    30/300    DATE  08/31
HIGHEST GUST SPEED/DIRECTION    39/290    DATE  08/31

AVERAGE RH (PERCENT)     64

WEATHER CONDITIONS. NUMBER OF DAYS WITH
THUNDERSTORM              4     MIXED PRECIP               0
HEAVY RAIN                1     RAIN                       0
LIGHT RAIN               11     FREEZING RAIN              0
LT FREEZING RAIN          0     HAIL                       0
HEAVY SNOW                0     SNOW                       0
LIGHT SNOW                0     SLEET                      0
FOG                       3     FOG W/VIS <= 1/4 MILE      1
HAZE                      0

-  INDICATES NEGATIVE NUMBERS.
R  INDICATES RECORD WAS SET OR TIED.
MM INDICATES DATA IS MISSING.
T  INDICATES TRACE AMOUNT.

$$
