000
CXUS51 KOKX 011414
CLMBDR

CLIMATE REPORT
NATIONAL WEATHER SERVICE NEW YORK, NY
1014 AM EDT THU SEP 01 2022

...................................

...THE BRIDGEPORT CT CLIMATE SUMMARY FOR THE MONTH OF AUGUST 2022...

CLIMATE NORMAL PERIOD 1991 TO 2020
CLIMATE RECORD PERIOD 1948 TO 2022

WEATHER         OBSERVED          NORMAL  DEPART   LAST YEAR`S
                VALUE   DATE(S)   VALUE   FROM     VALUE DATE(S)
                                          NORMAL
................................................................
TEMPERATURE (F)
RECORD
 HIGH            100   08/09/2001
                       08/27/1948
 LOW              44   08/29/1982
HIGHEST           94   08/09         MM      MM       93  08/12
                                                          08/26
LOWEST            60   08/14         MM      MM       60  08/01
AVG. MAXIMUM    84.9               81.9     3.0     82.9
AVG. MINIMUM    69.8               67.0     2.8     69.8
MEAN            77.3               74.5     2.8     76.4
DAYS MAX >= 90     4                2.4     1.6        5
DAYS MAX <= 32     0                0.0     0.0        0
DAYS MIN <= 32     0                0.0     0.0        0
DAYS MIN <= 0      0                0.0     0.0        0

PRECIPITATION (INCHES)
RECORD
 MAXIMUM       13.29   1952
 MINIMUM        0.72   1981
TOTALS          0.82               3.98   -3.16     2.21
DAILY AVG.      0.03               0.13   -0.10     0.07
DAYS >= .01        6                9.2    -3.2        9
DAYS >= .10        2                6.1    -4.1        4
DAYS >= .50        0                2.5    -2.5        2
DAYS >= 1.00       0                1.1    -1.1        0
GREATEST
 24 HR. TOTAL   0.36   08/17 TO 08/17               0.85  08/22 TO 08/23
                       08/01 TO 08/01
                       08/17 TO 08/17
 STORM TOTAL    0.36                                0.79
 (MM/DD(HH))            MM

DEGREE DAYS
HEATING TOTAL      0                  1      -1        0
 SINCE 7/1         0                  0       0       MM
COOLING TOTAL    390                294      96      364
 SINCE 1/1       952                817     135       MM
................................................................

WIND (MPH)
AVERAGE WIND SPEED              7.6
HIGHEST WIND SPEED/DIRECTION    24/200    DATE  08/26
HIGHEST GUST SPEED/DIRECTION    30/280    DATE  08/31


WEATHER CONDITIONS. NUMBER OF DAYS WITH
THUNDERSTORM              3     MIXED PRECIP               0
HEAVY RAIN                1     RAIN                       2
LIGHT RAIN                7     FREEZING RAIN              0
LT FREEZING RAIN          0     HAIL                       0
HEAVY SNOW                0     SNOW                       0
LIGHT SNOW                0     SLEET                      0
FOG                       4     FOG W/VIS <= 1/4 MILE      0
HAZE                      2

-  INDICATES NEGATIVE NUMBERS.
R  INDICATES RECORD WAS SET OR TIED.
MM INDICATES DATA IS MISSING.
T  INDICATES TRACE AMOUNT.

$$
