000
CXAK58 PABE 010955
CLMBET

CLIMATE REPORT
NATIONAL WEATHER SERVICE ANCHORAGE, AK
155 AM AKDT THU SEP 01 2022

...................................

...THE BETHEL CLIMATE SUMMARY FOR THE MONTH OF AUGUST 2022...

CLIMATE NORMAL PERIOD: 1991 TO 2020
CLIMATE RECORD PERIOD: 1948 TO 2022

WEATHER         OBSERVED          NORMAL  DEPART   LAST YEAR`S
                VALUE   DATE(S)   VALUE   FROM     VALUE
                                          NORMAL
..............................................................
TEMPERATURE (F)
RECORD
 HIGH             87   MM
 LOW              13   08/07/2017
HIGHEST           70                 MM      MM       79
LOWEST            38                 MM      MM       38
AVG. MAXIMUM    58.3               60.5    -2.2     59.5
AVG. MINIMUM    46.2               47.3    -1.1     46.1
MEAN            52.3               53.9    -1.6     52.8
DAYS MAX >= 90     0                0.0     0.0        0
DAYS MAX <= 32     0                0.0     0.0        0
DAYS MIN <= 32     0                0.1    -0.1        0
DAYS MIN <= 0      0                0.0     0.0        0

PRECIPITATION (INCHES)
RECORD
 MAXIMUM        2.42   2021
 MINIMUM        2.23
TOTALS          4.57               3.36    1.21     2.42
DAILY AVG.      0.15               0.11    0.04     0.08
DAYS >= .01       20               18.1     1.9       18
DAYS >= .10       11                9.7     1.3        6
DAYS >= .50        3                1.6     1.4        1
DAYS >= 1.00       1                0.2     0.8        0
GREATEST
 24 HR. TOTAL   1.11   08/15 TO 08/16               0.61
 STORM TOTAL    1.01                                0.61
 (MM/DD(HH))


DEGREE DAYS
HEATING TOTAL    373                345      28      369
 SINCE 7/1       673                616      57       MM
COOLING TOTAL      0                  1      -1        2
 SINCE 1/1         8                  6       2       MM

FREEZE DATES
RECORD
 EARLIEST     MM
 LATEST       MM
EARLIEST                        MM
LATEST                          05/18
..............................................................

WIND (MPH)
AVERAGE WIND SPEED              11.1
RESULTANT WIND SPEED/DIRECTION   4/240
HIGHEST WIND SPEED/DIRECTION    37/170    DATE  08/25
HIGHEST GUST SPEED/DIRECTION    47/170    DATE  08/25

SKY COVER
POSSIBLE SUNSHINE (PERCENT)   MM
AVERAGE SKY COVER           0.78
NUMBER OF DAYS FAIR            3
NUMBER OF DAYS PC              8
NUMBER OF DAYS CLOUDY         20

AVERAGE RH (PERCENT)     83

WEATHER CONDITIONS. NUMBER OF DAYS WITH
THUNDERSTORM              0     MIXED PRECIP               0
HEAVY RAIN                1     RAIN                      10
LIGHT RAIN               23     FREEZING RAIN              0
LT FREEZING RAIN          0     HAIL                       0
HEAVY SNOW                0     SNOW                       0
LIGHT SNOW                0     SLEET                      0
FOG                      22     FOG W/VIS <= 1/4 MILE      3
HAZE                      1

-  INDICATES NEGATIVE NUMBERS.
R  INDICATES RECORD WAS SET OR TIED.
MM INDICATES DATA IS MISSING.
T  INDICATES TRACE AMOUNT.

$$
