000
CXUS51 KCTP 010634
CLMBFD

CLIMATE REPORT
NATIONAL WEATHER SERVICE STATE COLLEGE PA
234 AM EDT THU SEP 01 2022

...................................

...THE BRADFORD CLIMATE SUMMARY FOR THE MONTH OF AUGUST 2022...

CLIMATE NORMAL PERIOD 1991 TO 2020
CLIMATE RECORD PERIOD 1957 TO 2022

WEATHER         OBSERVED          NORMAL  DEPART   LAST YEAR`S
                VALUE   DATE(S)   VALUE   FROM     VALUE DATE(S)
                                          NORMAL
................................................................
TEMPERATURE (F)
RECORD
 HIGH             93   08/02/1988
 LOW              38   08/16/2014
                       08/29/1986
                       06/01/1945
HIGHEST           88   08/29                          88  08/25
LOWEST            41   08/13                          41  08/03
AVG. MAXIMUM    79.5               77.0     2.5     80.1
AVG. MINIMUM    56.3               54.1     2.2     58.7
MEAN            67.9               65.5     2.4     69.4
DAYS MAX >= 90     0                0.1    -0.1        0
DAYS MAX <= 32     0                0.0     0.0        0
DAYS MIN <= 32     0                0.0     0.0        0
DAYS MIN <= 0      0                0.0     0.0        0

PRECIPITATION (INCHES)
RECORD
 MAXIMUM        8.55   1994
 MINIMUM        0.47   1959
TOTALS          3.40               3.91   -0.51     6.38
DAILY AVG.      0.11               0.13   -0.02     0.21
DAYS >= .01       17               11.1     5.9       17
DAYS >= .10        9                7.0     2.0       11
DAYS >= .50        2                2.7    -0.7        4
DAYS >= 1.00       0                1.1    -1.1        1
GREATEST
 24 HR. TOTAL   0.84   08/29 TO 08/30               1.98  08/18 TO 08/18


DEGREE DAYS
HEATING TOTAL     17                 60     -43       21
 SINCE 7/1        29                104     -75       MM
COOLING TOTAL    114                 77      37      165
 SINCE 1/1       358                253     105       MM
................................................................

WIND (MPH)
AVERAGE WIND SPEED              4.5
HIGHEST WIND SPEED/DIRECTION    24/260    DATE  08/29
HIGHEST GUST SPEED/DIRECTION    38/260    DATE  08/29

SKY COVER
POSSIBLE SUNSHINE (PERCENT)   MM
AVERAGE SKY COVER           0.47
NUMBER OF DAYS FAIR           10
NUMBER OF DAYS PC             15
NUMBER OF DAYS CLOUDY          6

AVERAGE RH (PERCENT)     70

WEATHER CONDITIONS. NUMBER OF DAYS WITH
THUNDERSTORM             10     MIXED PRECIP               0
HEAVY RAIN                7     RAIN                      10
LIGHT RAIN               18     FREEZING RAIN              0
LT FREEZING RAIN          0     HAIL                       0
HEAVY SNOW                0     SLEET                      0
FOG                      28     FOG W/VIS <= 1/4 MILE     10
HAZE                      5

-  INDICATES NEGATIVE NUMBERS.
R  INDICATES RECORD WAS SET OR TIED.
MM INDICATES DATA IS MISSING.
T  INDICATES TRACE AMOUNT.

$$
