000
CXUS55 KCYS 011527
CLMBFF

CLIMATE REPORT
NATIONAL WEATHER SERVICE CHEYENNE WY
927 AM MDT THU SEP 01 2022

...................................

...THE SCOTTSBLUFF NE AIRPORT CLIMATE SUMMARY FOR THE MONTH OF AUGUST 2022...

CLIMATE NORMAL PERIOD 1991 TO 2020
CLIMATE RECORD PERIOD 1871 TO 2022

WEATHER         OBSERVED          NORMAL  DEPART   LAST YEAR`S
                VALUE   DATE(S)   VALUE   FROM     VALUE DATE(S)
                                          NORMAL
................................................................
TEMPERATURE (F)
RECORD
 HIGH            106   08/27/1898
 LOW              30   08/25/1910
HIGHEST          106R  08/05         87      19       99
LOWEST            51   08/20         57      -6       48
AVG. MAXIMUM    93.7               88.8     4.9     91.0
AVG. MINIMUM    60.3               57.3     3.0     56.3
MEAN            77.0               73.0     4.0     73.7
DAYS MAX >= 90    21               14.8     6.2       18
DAYS MAX <= 32     0                0.0     0.0        0
DAYS MIN <= 32     0                0.0     0.0        0
DAYS MIN <= 0      0                0.0     0.0        0

PRECIPITATION (INCHES)
RECORD
 MAXIMUM        5.66   1915
TOTALS          0.04               1.24   -1.20     0.31
DAYS >= .01        1                6.7    -5.7        7
DAYS >= .10        0                2.9    -2.9        1
DAYS >= .50        0                0.8    -0.8        0
DAYS >= 1.00       0                0.1    -0.1        0
GREATEST
 24 HR. TOTAL   0.04   08/05 TO 08/05               0.15  08/19 TO 08/20

SNOWFALL (INCHES)
RECORDS
 TOTAL            MM   MM
 24 HR TOTAL      MM
TOTALS           0.0                0.0     0.0      0.0
SINCE 7/1        0.0                0.0     0.0       MM
DAYS >= 1.0        0                0.0     0.0        0
GREATEST
 SNOW DEPTH        0                                   0
 24 HR TOTAL      MM                                  MM

DEGREE DAYS
HEATING TOTAL      0                 12     -12        0
 SINCE 7/1         0                 13     -13       MM
COOLING TOTAL    379                262     117      253
 SINCE 1/1      1048                770     278       MM
................................................................

WIND (MPH)
AVERAGE WIND SPEED              7.7
HIGHEST WIND SPEED/DIRECTION    31/260    DATE  08/05
HIGHEST GUST SPEED/DIRECTION    45/310    DATE  08/12

SKY COVER
POSSIBLE SUNSHINE (PERCENT)   MM
AVERAGE SKY COVER           0.09
NUMBER OF DAYS FAIR           30
NUMBER OF DAYS PC              1
NUMBER OF DAYS CLOUDY          0

AVERAGE RH (PERCENT)     51

WEATHER CONDITIONS. NUMBER OF DAYS WITH
THUNDERSTORM              5     MIXED PRECIP               0
HEAVY RAIN                0     RAIN                       0
LIGHT RAIN                8     FREEZING RAIN              0
LT FREEZING RAIN          0     HAIL                       0
HEAVY SNOW                0     SNOW                       0
LIGHT SNOW                0     SLEET                      0
FOG                       3     FOG W/VIS <= 1/4 MILE      1
HAZE                      3

-  INDICATES NEGATIVE NUMBERS.
R  INDICATES RECORD WAS SET OR TIED.
MM INDICATES DATA IS MISSING.
T  INDICATES TRACE AMOUNT.

$$
