000
CXUS46 KHNX 012108
CLMBFL

CLIMATE REPORT
NATIONAL WEATHER SERVICE
208 PM PDT SAT OCT 01 2022

...................................

...THE BAKERSFIELD CA CLIMATE SUMMARY FOR THE MONTH OF SEPTEMBER 2022...

CLIMATE NORMAL PERIOD 1991 TO 2020
CLIMATE RECORD PERIOD 1889 TO 2022

WEATHER         OBSERVED          NORMAL  DEPART   LAST YEAR`S
                VALUE   DATE(S)   VALUE   FROM     VALUE DATE(S)
                                          NORMAL
................................................................
TEMPERATURE (F)
RECORD
 HIGH            115   09/06/2022

 LOW              30   09/27/1908
HIGHEST          115R  09/06         MM      MM      108  09/09
LOWEST            59   09/18         MM      MM       57  09/29
                                                          09/30
MEAN            82.4               78.2     4.2
DAYS MAX >= 90    19               19.4    -0.4       20
DAYS MIN <= 32     0                0.0     0.0        0

PRECIPITATION (INCHES)
RECORD
 MAXIMUM        1.15   1908
 MINIMUM        0.00   2022
TOTALS          0.00R              0.05   -0.05
DAYS >= .01        0                0.6    -0.6        0
DAYS >= .10        0                0.1    -0.1        0
DAYS >= .50        0                0.0     0.0        0
DAYS >= 1.00       0                0.0     0.0        0
GREATEST
 24 HR. TOTAL   0.00   08/31 TO 08/31

SNOWFALL (INCHES)
RECORDS
 TOTAL           0.0
TOTALS           0.0                0.0

DEGREE DAYS
HEATING TOTAL      0                  1      -1        0
 SINCE 7/1         0                  0       0       MM
COOLING TOTAL    531                397     134      464
 SINCE 1/1      2751               2286     465       MM
................................................................

WIND (MPH)
AVERAGE WIND SPEED              5.5
HIGHEST WIND SPEED/DIRECTION    23/130    DATE  09/09
HIGHEST GUST SPEED/DIRECTION    29/140    DATE  09/09
                                29/170          09/10

AVERAGE RH (PERCENT)     41

WEATHER CONDITIONS. NUMBER OF DAYS WITH
THUNDERSTORM              0     RAIN                       0
HAIL                      0     FOG                        0
FOG W/VIS <= 1/4 MILE     0     HAZE                      14

-  INDICATES NEGATIVE NUMBERS.
R  INDICATES RECORD WAS SET OR TIED.
MM INDICATES DATA IS MISSING.
T  INDICATES TRACE AMOUNT.

$$
