000
CXUS54 KAMA 011423
CLMBGD

CLIMATE REPORT
NATIONAL WEATHER SERVICE AMARILLO
923 AM CDT THU SEP 01 2022

...................................

...THE BORGER CLIMATE SUMMARY FOR THE MONTH OF AUGUST 2022...

CLIMATE NORMAL PERIOD: 1991 TO 2020
CLIMATE RECORD PERIOD: 1949 TO 2022

WEATHER         OBSERVED          NORMAL  DEPART   LAST YEAR`S
                VALUE   DATE(S)   VALUE   FROM     VALUE DATE(S)
                                          NORMAL
................................................................
TEMPERATURE (F)
HIGHEST          101   08/02                         105  08/09
                       08/05
LOWEST            63   08/23                          62  08/03
AVG. MAXIMUM    93.3               93.0     0.3     94.5
AVG. MINIMUM    70.9               68.6     2.3     70.4
MEAN            82.1               80.8     1.3     82.4
DAYS MAX >= 90    25               22.7     2.3       23
DAYS MAX <= 32     0                0.0     0.0        0
DAYS MIN <= 32     0                0.0     0.0        0
DAYS MIN <= 0      0                0.0     0.0        0

PRECIPITATION (INCHES)
TOTALS          1.34               2.69   -1.35     2.37
DAILY AVG.      0.04               0.09   -0.05     0.08
DAYS >= .01        5                8.9    -3.9        7
DAYS >= .10        3                4.8    -1.8        5
DAYS >= .50        1                1.7    -0.7        1
DAYS >= 1.00       0                0.5    -0.5        1
GREATEST
 24 HR. TOTAL   0.92   08/20 TO 08/21

SNOWFALL (INCHES)
TOTALS            MM                 MM      MM       MM
SINCE 7/1         MM                 MM      MM       MM
DAYS >= TRACE      0                 MM      MM        0
DAYS >= 1.0        0                 MM      MM        0
GREATEST
 SNOW DEPTH       MM
 24 HR TOTAL      MM

DEGREE DAYS
HEATING TOTAL      0                  1      -1        0
 SINCE 7/1         0                  0       0       MM
COOLING TOTAL    537                490      47      548
 SINCE 1/1      2126               1713     413       MM
................................................................

WIND (MPH)
AVERAGE WIND SPEED              8.4
HIGHEST WIND SPEED/DIRECTION    26/120    DATE  08/04
HIGHEST GUST SPEED/DIRECTION    39/150    DATE  08/27
                                39/190          08/29

SKY COVER
POSSIBLE SUNSHINE (PERCENT)   MM
NUMBER OF DAYS FAIR           26
NUMBER OF DAYS PC              4
NUMBER OF DAYS CLOUDY          1

AVERAGE RH (PERCENT)     51

WEATHER CONDITIONS. NUMBER OF DAYS WITH
THUNDERSTORM              7     MIXED PRECIP               0
HEAVY RAIN                2     RAIN                       2
LIGHT RAIN                6     FREEZING RAIN              0
LT FREEZING RAIN          0     HEAVY SNOW                 0
SNOW                      0     LIGHT SNOW                 0
SLEET                     0     FOG                        2
FOG W/VIS <= 1/4 MILE     0     HAZE                       2

-  INDICATES NEGATIVE NUMBERS.
R  INDICATES RECORD WAS SET OR TIED.
MM INDICATES DATA IS MISSING.
T  INDICATES TRACE AMOUNT.

$$
