000
CXUS51 KBGM 010918
CLMBGM

CLIMATE REPORT
NATIONAL WEATHER SERVICE BINGHAMTON, NY
518 AM EDT SAT OCT 01 2022

...................................

...THE BINGHAMTON NY CLIMATE SUMMARY FOR THE MONTH OF SEPTEMBER 2022...

CLIMATE NORMAL PERIOD 1991 TO 2020
CLIMATE RECORD PERIOD 1951 TO 2022

WEATHER         OBSERVED          NORMAL  DEPART   LAST YEAR`S
                VALUE   DATE(S)   VALUE   FROM     VALUE DATE(S)
                                          NORMAL
................................................................
TEMPERATURE (F)
RECORD
 HIGH             96   09/03/1953
                       09/02/1953
 LOW              25   09/24/1974
HIGHEST           77   09/09         68       9       77  09/14
                       09/10
                       09/18
                                                          09/18
LOWEST            35   09/30         50     -15       44  09/29
                                                          09/30
AVG. MAXIMUM    67.7               69.5    -1.8     69.1
AVG. MINIMUM    51.6               50.6     1.0     53.1
MEAN            59.6               60.0    -0.4     61.1
DAYS MAX >= 90     0                0.1    -0.1        0
DAYS MAX <= 32     0                0.0     0.0        0
DAYS MIN <= 32     0                0.2    -0.2        0
DAYS MIN <= 0      0                0.0     0.0        0

PRECIPITATION (INCHES)
RECORD
 MAXIMUM       16.58   2011
 MINIMUM        0.61   1961
TOTALS          7.56               4.01    3.55     4.42
DAILY AVG.      0.25               0.13    0.12     0.15
DAYS >= .01       17               11.3     5.7       14
DAYS >= .10       13                6.3     6.7        8
DAYS >= .50        4                2.3     1.7        3
DAYS >= 1.00       2                1.0     1.0        1
GREATEST
 24 HR. TOTAL   2.57   09/05 TO 09/06

SNOWFALL (INCHES)
RECORDS
 TOTAL           0.0   2007
 24 HR TOTAL     0.0   MM
 SNOW DEPTH       MM   MM
TOTALS           0.0                0.0     0.0      0.0
SINCE 7/1        0.0                0.0     0.0       MM
SNOWDEPTH AVG.     0                                   0
DAYS >= TRACE      0                0.0     0.0        0
DAYS >= 1.0        0                0.0     0.0        0
GREATEST
 SNOW DEPTH        0                                   0  MM
 24 HR TOTAL     0.0

DEGREE DAYS
HEATING TOTAL    176                182      -6      126
 SINCE 7/1       183                240     -57       MM
COOLING TOTAL     21                 34     -13       18
 SINCE 1/1       464                382      82       MM
................................................................

WIND (MPH)
AVERAGE WIND SPEED              6.5
RESULTANT WIND SPEED/DIRECTION   2/270
HIGHEST WIND SPEED/DIRECTION    25/280    DATE  09/26
HIGHEST GUST SPEED/DIRECTION    38/270    DATE  09/26

SKY COVER
POSSIBLE SUNSHINE (PERCENT)   MM
AVERAGE SKY COVER           0.53
NUMBER OF DAYS FAIR           10
NUMBER OF DAYS PC             10
NUMBER OF DAYS CLOUDY         10

AVERAGE RH (PERCENT)     80

WEATHER CONDITIONS. NUMBER OF DAYS WITH
THUNDERSTORM              5     MIXED PRECIP               0
HEAVY RAIN                8     RAIN                       9
LIGHT RAIN               19     FREEZING RAIN              0
LT FREEZING RAIN          0     HAIL                       0
HEAVY SNOW                0     SNOW                       0
LIGHT SNOW                0     SLEET                      0
FOG                      17     FOG W/VIS <= 1/4 MILE      8
HAZE                      0

-  INDICATES NEGATIVE NUMBERS.
R  INDICATES RECORD WAS SET OR TIED.
MM INDICATES DATA IS MISSING.
T  INDICATES TRACE AMOUNT.

$$
