000
CXUS54 KBMX 021517
CLMBHM

CLIMATE REPORT
NATIONAL WEATHER SERVICE BIRMINGHAM AL
1017 AM CDT FRI SEP 02 2022

...................................

...THE BIRMINGHAM CLIMATE SUMMARY FOR THE MONTH OF AUGUST 2022...

CLIMATE NORMAL PERIOD 1991 TO 2020
CLIMATE RECORD PERIOD 1895 TO 2022

WEATHER         OBSERVED          NORMAL  DEPART   LAST YEAR`S
                VALUE   DATE(S)   VALUE   FROM     VALUE DATE(S)
                                          NORMAL
................................................................
TEMPERATURE (F)
RECORD
 HIGH            105   08/23/2007
                       08/15/2007
 LOW              51   08/31/1946
HIGHEST           93   08/15         MM      MM       96  08/25
LOWEST            67   08/13         MM      MM       66  08/04
AVG. MAXIMUM    87.8               90.6    -2.8     88.6
AVG. MINIMUM    71.9               71.3     0.6     72.7
MEAN            79.9                                80.7
DAYS MAX >= 90    13               19.0    -6.0       14
DAYS MAX <= 32     0                0.0     0.0        0
DAYS MIN <= 32     0                0.0     0.0        0
DAYS MIN <= 0      0                0.0     0.0        0

PRECIPITATION (INCHES)
RECORD
 MAXIMUM       13.83   1901
 MINIMUM        0.38   1989
TOTALS          3.04               4.35   -1.31     7.70
DAILY AVG.      0.10               0.14   -0.04     0.25
DAYS >= .01       14               10.6     3.4       13
DAYS >= .10        8                6.7     1.3        9
DAYS >= .50        1                2.8    -1.8        5
DAYS >= 1.00       1                1.4    -0.4        5


DEGREE DAYS
HEATING TOTAL      0                  0       0        0
 SINCE 7/1         0                  0       0       MM
COOLING TOTAL    471                494     -23      493
 SINCE 1/1      1973               1732     241       MM
................................................................

WIND (MPH)
AVERAGE WIND SPEED              3.8
HIGHEST WIND SPEED/DIRECTION    30/270    DATE  08/15
HIGHEST GUST SPEED/DIRECTION    37/280    DATE  08/15

AVERAGE RH (PERCENT)     75

WEATHER CONDITIONS. NUMBER OF DAYS WITH
THUNDERSTORM             13     MIXED PRECIP               0
HEAVY RAIN                6     RAIN                       6
LIGHT RAIN               16     FREEZING RAIN              0
LT FREEZING RAIN          0     HAIL                       0
HEAVY SNOW                0     SNOW                       0
LIGHT SNOW                0     SLEET                      0
FOG                      13     FOG W/VIS <= 1/4 MILE      2
HAZE                      2

-  INDICATES NEGATIVE NUMBERS.
R  INDICATES RECORD WAS SET OR TIED.
MM INDICATES DATA IS MISSING.
T  INDICATES TRACE AMOUNT.

$$
