000
CXUS55 KVEF 082124
CLMBIH

CLIMATE REPORT
NATIONAL WEATHER SERVICE LAS VEGAS, NV
224 PM PDT THU SEP 08 2022

...................................

...THE BISHOP CA CLIMATE SUMMARY FOR THE MONTH OF JUNE 2022...

CLIMATE NORMAL PERIOD: 1991 TO 2020
CLIMATE RECORD PERIOD: 1943 TO 2022

WEATHER         OBSERVED          NORMAL  DEPART   LAST YEAR`S
                VALUE   DATE(S)   VALUE   FROM     VALUE DATE(S)
                                          NORMAL
................................................................
TEMPERATURE (F)
RECORD
 HIGH            109   06/30/2013
                       06/22/1954
 LOW              25   06/02/2011
HIGHEST          104   06/11         MM      MM      107  06/16
                                                          06/17
                                                          06/28
LOWEST            32   06/18         MM      MM       40  06/10
                                                          06/11
AVG. MAXIMUM    94.1               93.5     0.6     98.8
AVG. MINIMUM    52.6               51.4     1.2     55.6
MEAN            73.3               72.5     0.8     77.2
DAYS MAX >= 90    22               20.8     1.2       26
DAYS MAX <= 32     1                0.0     1.0        0
DAYS MIN <= 32    MM                0.1      MM        0
DAYS MIN <= 0     MM                0.0      MM        0

PRECIPITATION (INCHES)
RECORD
 MAXIMUM        1.31   1998
 MINIMUM        0.00   2018
TOTALS             T               0.13   -0.13        T
DAILY AVG.      0.00               0.00   -0.00        T
DAYS >= .01        0                1.2    -1.2        0
DAYS >= .10        0                0.4    -0.4        0
DAYS >= .50        0                0.0     0.0        0
DAYS >= 1.00       0                0.0     0.0        0
GREATEST
 24 HR. TOTAL      T   06/22 TO 06/22

DEGREE DAYS
HEATING TOTAL     10                 16      -6        5
 SINCE 7/1      3637               3999    -362       MM
COOLING TOTAL    267                239      28      378
 SINCE 1/1       352                310      42       MM

FREEZE DATES
RECORD
 EARLIEST     09/11/1952
 LATEST       06/16/1944
EARLIEST                        MM
LATEST                          05/12
................................................................

WIND (MPH)
AVERAGE WIND SPEED              8.4
HIGHEST WIND SPEED/DIRECTION    36/340    DATE  06/25
HIGHEST GUST SPEED/DIRECTION    45/340    DATE  06/25

SKY COVER
POSSIBLE SUNSHINE (PERCENT)   MM
AVERAGE SKY COVER           0.10
NUMBER OF DAYS FAIR           30
NUMBER OF DAYS PC              0
NUMBER OF DAYS CLOUDY          0

AVERAGE RH (PERCENT)     MM

WEATHER CONDITIONS. NUMBER OF DAYS WITH
THUNDERSTORM              0     MIXED PRECIP               0
HEAVY RAIN                0     RAIN                       0
LIGHT RAIN                1     FREEZING RAIN              0
LT FREEZING RAIN          0     HAIL                       0
HEAVY SNOW                0     SNOW                       0
LIGHT SNOW                0     SLEET                      0
FOG                       0     FOG W/VIS <= 1/4 MILE      0
HAZE                      1

-  INDICATES NEGATIVE NUMBERS.
R  INDICATES RECORD WAS SET OR TIED.
MM INDICATES DATA IS MISSING.
T  INDICATES TRACE AMOUNT.

$$
