000
CXUS53 KBIS 011629
CLMBIS

CLIMATE REPORT
NATIONAL WEATHER SERVICE BISMARCK, ND
1129 AM CDT SAT OCT 01 2022

...................................

...THE BISMARCK ND CLIMATE SUMMARY FOR THE MONTH OF SEPTEMBER 2022...

CLIMATE NORMAL PERIOD: 1991 TO 2020
CLIMATE RECORD PERIOD: 1875 TO 2022

WEATHER         OBSERVED          NORMAL  DEPART   LAST YEAR`S
                VALUE   DATE(S)   VALUE   FROM     VALUE DATE(S)
                                          NORMAL
................................................................
TEMPERATURE (F)
RECORD
 HIGH            105   09/08/1959
                       09/07/1931
 LOW              10   09/30/1876
HIGHEST          102   09/01                          98  09/28
LOWEST            34   09/22                          33  09/25
AVG. MAXIMUM    78.4               73.4     5.0     80.6
AVG. MINIMUM    48.6               45.9     2.7     49.6
MEAN            63.5               59.7     3.8     65.1
DAYS MAX >= 90     5                1.9     3.1        4
DAYS MAX <= 32     0                0.0     0.0        0
DAYS MIN <= 32     0                1.6    -1.6        0
DAYS MIN <= 0      0                0.0     0.0        0

PRECIPITATION (INCHES)
RECORD
 MAXIMUM        6.93   1977
 MINIMUM        0.02   1948
TOTALS          0.97               1.72   -0.75     1.06
DAILY AVG.      0.03               0.06   -0.03     0.04
DAYS >= .01        4                7.3    -3.3        7
DAYS >= .10        3                3.1    -0.1        4
DAYS >= .50        0                0.9    -0.9        1
DAYS >= 1.00       0                0.4    -0.4        0
GREATEST
 24 HR. TOTAL   0.36   09/17 TO 09/17               0.51

SNOWFALL (INCHES)
RECORDS
 TOTAL           5.0   5
TOTALS           0.0                0.0     0.0      0.0
SINCE 7/1        0.0                0.0     0.0       MM
SNOWDEPTH AVG.     0                                   0
DAYS >= 1.0        0                0.0     0.0        0
GREATEST
 SNOW DEPTH        0                                   0  MM
 24 HR TOTAL      MM                                  MM

DEGREE DAYS
HEATING TOTAL    108                204     -96
 SINCE 7/1       109                254    -145
COOLING TOTAL     71                 44      27
 SINCE 1/1       755                534     221
................................................................

WIND (MPH)
HIGHEST WIND SPEED/DIRECTION    30/150    DATE  09/04
HIGHEST GUST SPEED/DIRECTION    39/310    DATE  09/24

SKY COVER
POSSIBLE SUNSHINE (PERCENT)   MM
NUMBER OF DAYS FAIR           25
NUMBER OF DAYS PC              4
NUMBER OF DAYS CLOUDY          1


WEATHER CONDITIONS. NUMBER OF DAYS WITH
THUNDERSTORM              3     MIXED PRECIP               0
HEAVY RAIN                0     RAIN                       2
LIGHT RAIN                7     FREEZING RAIN              0
LT FREEZING RAIN          0     HAIL                       0
HEAVY SNOW                0     SNOW                       0
LIGHT SNOW                0     SLEET                      0
FOG                       6     FOG W/VIS <= 1/4 MILE      1
HAZE                      2

-  INDICATES NEGATIVE NUMBERS.
R  INDICATES RECORD WAS SET OR TIED.
MM INDICATES DATA IS MISSING.
T  INDICATES TRACE AMOUNT.

$$
