000
CXUS53 KGRR 011429
CLMBIV

CLIMATE REPORT
NATIONAL WEATHER SERVICE GRAND RAPIDS, MICHIGAN
1029 AM EDT THU SEP 01 2022

...................................

...THE HOLLAND CLIMATE SUMMARY FOR THE MONTH OF AUGUST 2022...

CLIMATE NORMAL PERIOD: 1991 TO 2020
CLIMATE RECORD PERIOD: 1905 TO 2022

WEATHER         OBSERVED          NORMAL  DEPART   LAST YEAR`S
                VALUE   DATE(S)   VALUE   FROM     VALUE DATE(S)
                                          NORMAL
................................................................
TEMPERATURE (F)
RECORD
 HIGH            101   08/05/1947
                       08/06/1947
 LOW              36   08/09/1964
                       08/18/1963
HIGHEST           89   08/06         MM      MM       92  08/24
                       08/28
                                                          08/28
LOWEST            50   08/12         MM      MM       51  08/15
AVG. MAXIMUM    80.1               80.2    -0.1     84.5
AVG. MINIMUM    61.7               59.9     1.8     62.9
MEAN            70.9               70.0     0.9     73.7
DAYS MAX >= 90     0                1.5    -1.5        3
DAYS MAX <= 32     0                0.0     0.0        0
DAYS MIN <= 32     0                0.0     0.0        0
DAYS MIN <= 0      0                0.0     0.0        0

PRECIPITATION (INCHES)
RECORD
 MAXIMUM       11.27   1940
 MINIMUM        0.38   1948
TOTALS          3.22               3.06    0.16     1.97
DAILY AVG.      0.10               0.10    0.01     0.06
DAYS >= .01       10               10.9    -0.9        8
DAYS >= .10        6                5.7     0.3        3
DAYS >= .50        2                2.1    -0.1        2
DAYS >= 1.00       1                0.7     0.3        1
GREATEST
 24 HR. TOTAL   1.57   08/28 TO 08/29


DEGREE DAYS
HEATING TOTAL      9                 15      -6        0
 SINCE 7/1         9                 17      -8       MM
COOLING TOTAL    199                171      28      278
 SINCE 1/1       662                561     101       MM
................................................................

WIND (MPH)
AVERAGE WIND SPEED              6.2
RESULTANT WIND SPEED/DIRECTION   2/230
HIGHEST WIND SPEED/DIRECTION    29/280    DATE  08/28
HIGHEST GUST SPEED/DIRECTION    66/270    DATE  08/29

SKY COVER
POSSIBLE SUNSHINE (PERCENT)   MM
AVERAGE SKY COVER           0.35
NUMBER OF DAYS FAIR           17
NUMBER OF DAYS PC             10
NUMBER OF DAYS CLOUDY          4

AVERAGE RH (PERCENT)     76

WEATHER CONDITIONS. NUMBER OF DAYS WITH
THUNDERSTORM              5     MIXED PRECIP               0
HEAVY RAIN                5     RAIN                       6
LIGHT RAIN               10     FREEZING RAIN              0
LT FREEZING RAIN          0     HAIL                       0
HEAVY SNOW                0     SNOW                       0
LIGHT SNOW                0     SLEET                      0
FOG                      21     FOG W/VIS <= 1/4 MILE      5
HAZE                      0

-  INDICATES NEGATIVE NUMBERS.
R  INDICATES RECORD WAS SET OR TIED.
MM INDICATES DATA IS MISSING.
T  INDICATES TRACE AMOUNT.

$$
