000
CXUS51 KRLX 020556
CLMBKW

CLIMATE REPORT
NATIONAL WEATHER SERVICE CHARLESTON WV
156 AM EDT SUN OCT 02 2022

...................................

...THE BECKLEY WV CLIMATE SUMMARY FOR THE MONTH OF SEPTEMBER 2022...

CLIMATE NORMAL PERIOD: 1991 TO 2020
CLIMATE RECORD PERIOD: 1893 TO 2022

WEATHER         OBSERVED          NORMAL  DEPART   LAST YEAR`S
                VALUE   DATE(S)   VALUE   FROM     VALUE
                                          NORMAL
..............................................................
TEMPERATURE (F)
RECORD
 HIGH             97   09/02/1953
 LOW              23   09/29/1942
HIGHEST           83   09/21                          83
LOWEST            36   09/28                          41
AVG. MAXIMUM    71.9               74.4    -2.5     74.2
AVG. MINIMUM    53.4               55.0    -1.6     54.7
MEAN            62.7               64.7    -2.0     64.4
DAYS MAX >= 90     0                0.3    -0.3        0
DAYS MAX <= 32     0                0.0     0.0        0
DAYS MAX >= 80     4                                   5
DAYS MIN <= 32     0                0.0     0.0        0
DAYS MIN <= 0      0                0.0     0.0        0
DAYS MIN <= 10     0                                   0
DAYS MIN <= -5     0                                   0

PRECIPITATION (INCHES)
RECORD
 MAXIMUM        9.98   2018
 MINIMUM        0.10   2019
TOTALS          2.45               3.20   -0.75     2.38
DAILY AVG.      0.08               0.11   -0.03     0.08
DAYS >= .01       10               10.0     0.0        7
DAYS >= .10        5                5.6    -0.6        6
DAYS >= .50        2                1.8     0.2        2
DAYS >= 1.00       0                0.9    -0.9        0
GREATEST
 24 HR. TOTAL   0.93   09/04 TO 09/05               0.94

SNOWFALL (INCHES)
RECORDS
 TOTAL            MM   MM
 24 HR TOTAL      MM
 SNOW DEPTH       MM   MM
TOTALS           0.0                0.0     0.0      0.0
SINCE 7/1        0.0                0.0     0.0       MM
SNOWDEPTH AVG.     0                                   0
DAYS >= TRACE      0                0.0     0.0        0
DAYS >= 1.0        0                0.0     0.0        0
GREATEST
 SNOW DEPTH        0                                   0
 24 HR TOTAL     0.0                                 0.0

DEGREE DAYS
HEATING TOTAL    115                 85      30       69
 SINCE 7/1       116                102      14       MM
COOLING TOTAL     53                 76     -23       61
 SINCE 1/1       694                654      40       MM

FREEZE DATES
RECORD
 EARLIEST     MM
 LATEST       MM
EARLIEST                        MM
LATEST                          04/20
..............................................................

WIND (MPH)
AVERAGE WIND SPEED              5.8
HIGHEST WIND SPEED/DIRECTION    22/310    DATE  09/22
                                22/260          09/25
                                22/290          09/26
HIGHEST GUST SPEED/DIRECTION    33/310    DATE  09/22

SKY COVER
POSSIBLE SUNSHINE (PERCENT)   MM
AVERAGE SKY COVER           0.39
NUMBER OF DAYS FAIR           14
NUMBER OF DAYS PC             12
NUMBER OF DAYS CLOUDY          4

AVERAGE RH (PERCENT)     76

WEATHER CONDITIONS. NUMBER OF DAYS WITH
THUNDERSTORM              2     MIXED PRECIP               0
HEAVY RAIN                4     RAIN                       5
LIGHT RAIN               12     FREEZING RAIN              0
LT FREEZING RAIN          0     HAIL                       0
HEAVY SNOW                0     SNOW                       0
LIGHT SNOW                0     SLEET                      0
FOG                      14     FOG W/VIS <= 1/4 MILE      3
HAZE                      1

-  INDICATES NEGATIVE NUMBERS.
R  INDICATES RECORD WAS SET OR TIED.
MM INDICATES DATA IS MISSING.
T  INDICATES TRACE AMOUNT.

$$
