000
CXUS51 KRNK 010542
CLMBLF

CLIMATE REPORT
NATIONAL WEATHER SERVICE BLACKSBURG, VA
142 AM EDT SAT OCT 01 2022

...................................

...THE BLUEFIELD WV CLIMATE SUMMARY FOR THE MONTH OF SEPTEMBER 2022...

CLIMATE NORMAL PERIOD: 1991 TO 2020
CLIMATE RECORD PERIOD: 1909 TO 2022

WEATHER         OBSERVED          NORMAL  DEPART   LAST YEAR`S
                VALUE   DATE(S)   VALUE   FROM     VALUE
                                          NORMAL
..............................................................
TEMPERATURE (F)
RECORD
 HIGH             99   09/11/2019
 LOW              30   09/24/1989
HIGHEST           80   09/21                          79
LOWEST            37   09/28                          41
AVG. MAXIMUM    69.7               72.5    -2.8     72.5
AVG. MINIMUM    53.0               54.5    -1.5     55.3
MEAN            61.3               63.5    -2.2     63.9
DAYS MAX >= 90     0                0.4    -0.4        0
DAYS MAX <= 32     0                0.0     0.0        0
DAYS MIN <= 32     0                0.0     0.0        0
DAYS MIN <= 0      0                0.0     0.0        0

PRECIPITATION (INCHES)
RECORD
 MAXIMUM       10.25   2018
 MINIMUM        0.37   2005
TOTALS          4.11               3.24    0.87     2.24
DAYS >= .01        8               10.0    -2.0        8
DAYS >= .10        7                5.9     1.1        5
DAYS >= .50        4                2.1     1.9        3
DAYS >= 1.00       0                0.7    -0.7        0
GREATEST
 24 HR. TOTAL   1.42                                0.87

SNOWFALL (INCHES)
TOTALS           0.0                0.0     0.0      0.0
DAYS >= TRACE      0                0.0     0.0        0
DAYS >= 1.0        0                0.0     0.0        0
GREATEST
 24 HR TOTAL      MM                                  MM

DEGREE DAYS
HEATING TOTAL    136                101      35       76
COOLING TOTAL     34                 56     -22       49
..............................................................

WIND (MPH)
AVERAGE WIND SPEED              4.7
RESULTANT WIND SPEED/DIRECTION   1/270
HIGHEST WIND SPEED/DIRECTION    25/250    DATE  09/25
HIGHEST GUST SPEED/DIRECTION    35/260    DATE  09/26

SKY COVER
AVERAGE SKY COVER           0.39

AVERAGE RH (PERCENT)     77

WEATHER CONDITIONS. NUMBER OF DAYS WITH
THUNDERSTORM              3     MIXED PRECIP               0
HEAVY RAIN                5     RAIN                       7
LIGHT RAIN               10     FREEZING RAIN              0
LT FREEZING RAIN          0     HAIL                       0
HEAVY SNOW                0     SNOW                       0
LIGHT SNOW                0     SLEET                      0
FOG                      17     FOG W/VIS <= 1/4 MILE      2
HAZE                      0

-  INDICATES NEGATIVE NUMBERS.
R  INDICATES RECORD WAS SET OR TIED.
MM INDICATES DATA IS MISSING.
T  INDICATES TRACE AMOUNT.

REMARKS:
DUE TO EQUIPMENT FAILURE ON JANUARY 9-10 AND AUGUST 16-17, 2022, ALL
INFORMATION WILL BE CALCULATED WITHOUT DATA FROM THESE DATES.

$$
