000
CXUS56 KSEW 011034
CLMBLI

CLIMATE REPORT
NATIONAL WEATHER SERVICE SEATTLE
334 AM PDT THU SEP 01 2022

...................................

...THE BELLINGHAM WA AIRPORT CLIMATE SUMMARY FOR THE MONTH OF AUGUST 2022...

CLIMATE NORMAL PERIOD 1991 TO 2020
CLIMATE RECORD PERIOD 1949 TO 2022

WEATHER         OBSERVED          NORMAL  DEPART   LAST YEAR`S
                VALUE   DATE(S)   VALUE   FROM     VALUE DATE(S)
                                          NORMAL
................................................................
TEMPERATURE (F)
RECORD
 HIGH            100   08/12/2021
 LOW              38   08/29/1969
HIGHEST           86   08/18         MM      MM      100  08/12
LOWEST            49   08/05         MM      MM       45  08/24
AVG. MAXIMUM    77.2               73.1     4.1     73.7
AVG. MINIMUM    56.9               54.7     2.2     56.0
MEAN            67.0               63.9     3.1     64.8
DAYS MAX >= 90     0                0.1    -0.1        1
DAYS MAX <= 32     0                0.0     0.0        0
DAYS MIN <= 32     0                0.0     0.0        0
DAYS MIN <= 0      0                0.0     0.0        0

PRECIPITATION (INCHES)
RECORD
 MAXIMUM        4.77   1962
 MINIMUM        0.00   1986
TOTALS          0.28               1.13   -0.85     0.96
DAILY AVG.      0.01               0.04   -0.03     0.03
DAYS >= .01        3                6.2    -3.2        9
DAYS >= .10        2                2.8    -0.8        4
DAYS >= .50        0                0.9    -0.9        0
DAYS >= 1.00       0                0.1    -0.1        0
GREATEST
 24 HR. TOTAL   0.27   08/03 TO 08/04


DEGREE DAYS
HEATING TOTAL     12                 65     -53       61
 SINCE 7/1        45                132     -87       MM
COOLING TOTAL     84                 31      53       65
 SINCE 1/1       167                 71      96       MM
................................................................

WIND (MPH)
AVERAGE WIND SPEED              5.4
HIGHEST WIND SPEED/DIRECTION    17/180    DATE  08/03
                                17/180          08/26
                                17/160          08/27
HIGHEST GUST SPEED/DIRECTION    30/190    DATE  08/26

SKY COVER
POSSIBLE SUNSHINE (PERCENT)   MM
AVERAGE SKY COVER           0.18
NUMBER OF DAYS FAIR           25
NUMBER OF DAYS PC              6
NUMBER OF DAYS CLOUDY          0

AVERAGE RH (PERCENT)     77

WEATHER CONDITIONS. NUMBER OF DAYS WITH
THUNDERSTORM              1     MIXED PRECIP               0
HEAVY RAIN                0     RAIN                       0
LIGHT RAIN                4     FREEZING RAIN              0
LT FREEZING RAIN          0     HAIL                       0
HEAVY SNOW                0     SNOW                       0
LIGHT SNOW                0     SLEET                      0
FOG                      14     FOG W/VIS <= 1/4 MILE      0
HAZE                      1

-  INDICATES NEGATIVE NUMBERS.
R  INDICATES RECORD WAS SET OR TIED.
MM INDICATES DATA IS MISSING.
T  INDICATES TRACE AMOUNT.

$$
