000
CXUS53 KIND 011557
CLMBMG

CLIMATE REPORT
NATIONAL WEATHER SERVICE INDIANAPOLIS IN
1157 AM EDT THU SEP 01 2022

...................................

...THE BLOOMINGTON IN CLIMATE SUMMARY FOR THE MONTH OF AUGUST 2022...

CLIMATE NORMAL PERIOD 1991 TO 2020
CLIMATE RECORD PERIOD 9999 TO 9999

WEATHER         OBSERVED          NORMAL  DEPART   LAST YEAR`S
                VALUE   DATE(S)   VALUE   FROM     VALUE DATE(S)
                                          NORMAL
................................................................
TEMPERATURE (F)
HIGHEST           94   08/28                          93  08/24
                                                          08/27
LOWEST            55   08/31                          53  08/02
AVG. MAXIMUM    85.8               84.4     1.4     86.6
AVG. MINIMUM    64.7               62.3     2.4     65.5
MEAN            75.3               73.3     2.0     76.1
DAYS MAX >= 90     6                5.7     0.3       10
DAYS MAX <= 32     0                0.0     0.0        0
DAYS MIN <= 32     0                0.0     0.0        0
DAYS MIN <= 0      0                0.0     0.0        0

PRECIPITATION (INCHES)
TOTALS          1.42               3.34   -1.92     1.36
DAILY AVG.      0.05               0.11   -0.06     0.05
DAYS >= .01        8               11.0    -3.0        7
DAYS >= .10        5                4.6     0.4        3
DAYS >= .50        1                2.0    -1.0        1
DAYS >= 1.00       0                1.0    -1.0        0
GREATEST
 24 HR. TOTAL   0.64   08/21 TO 08/21


DEGREE DAYS
HEATING TOTAL      0                  4      -4        0
 SINCE 7/1         0                  2      -2       MM
COOLING TOTAL    329                262      67      351
 SINCE 1/1      1154                892     262       MM
................................................................

WIND (MPH)
AVERAGE WIND SPEED              4.8
HIGHEST WIND SPEED/DIRECTION    22/240    DATE  08/08
HIGHEST GUST SPEED/DIRECTION    34/250    DATE  08/08

SKY COVER
AVERAGE SKY COVER           0.29

AVERAGE RH (PERCENT)     72

WEATHER CONDITIONS. NUMBER OF DAYS WITH
THUNDERSTORM              5     MIXED PRECIP               0
HEAVY RAIN                3     RAIN                       4
LIGHT RAIN               12     FREEZING RAIN              0
LT FREEZING RAIN          0     HAIL                       0
HEAVY SNOW                0     SNOW                       0
LIGHT SNOW                0     SLEET                      0
FOG                      21     FOG W/VIS <= 1/4 MILE      2
HAZE                      2

-  INDICATES NEGATIVE NUMBERS.
R  INDICATES RECORD WAS SET OR TIED.
MM INDICATES DATA IS MISSING.
T  INDICATES TRACE AMOUNT.

$$
