000
CXUS54 KOHX 012039
CLMBNA

CLIMATE REPORT
NATIONAL WEATHER SERVICE NASHVILLE, TN
339 PM CDT SAT OCT 01 2022

...................................

...THE NASHVILLE CLIMATE SUMMARY FOR THE MONTH OF SEPTEMBER 2022...

CLIMATE NORMAL PERIOD: 1991 TO 2020
CLIMATE RECORD PERIOD: 1871 TO 2022

WEATHER         OBSERVED          NORMAL  DEPART   LAST YEAR`S
                VALUE   DATE(S)   VALUE   FROM     VALUE
                                          NORMAL
..............................................................
TEMPERATURE (F)
RECORD
 HIGH            105   09/05/1954
 LOW              36   09/24/1983
                       09/22/1983
                       09/30/1949
HIGHEST          100   09/21
LOWEST            44   09/27
AVG. MAXIMUM    85.0               84.4     0.6
AVG. MINIMUM    61.7               61.8    -0.1
MEAN            73.4               73.1     0.3     72.6
DAYS MAX >= 90     6
DAYS MAX <= 32     0
DAYS MIN <= 32     0
DAYS MIN <= 0      0

PRECIPITATION (INCHES)
RECORD
 MAXIMUM       11.44   1979
 MINIMUM        0.02   2019
TOTALS          1.43               3.80   -2.37
DAYS >= .01        6
DAYS >= .10        5
DAYS >= .50        0
DAYS >= 1.00       0
GREATEST
 24 HR. TOTAL   0.69   09/02 TO 09/03

SNOWFALL (INCHES)
TOTALS           0.0                0.0     0.0
SINCE 7/1        0.0                        0.0
DAYS >= TRACE      0
DAYS >= 1.0        0

DEGREE DAYS
HEATING TOTAL     12                 14      -2
 SINCE 7/1        12                 12       0
COOLING TOTAL    272                257      15
 SINCE 1/1      2124               1804     320
..............................................................

WIND (MPH)
AVERAGE WIND SPEED              6.1
HIGHEST GUST SPEED/DIRECTION    34/050    DATE  09/28

SKY COVER
POSSIBLE SUNSHINE (PERCENT)   MM
AVERAGE SKY COVER           0.39
NUMBER OF DAYS FAIR           15
NUMBER OF DAYS PC             10
NUMBER OF DAYS CLOUDY          5

AVERAGE RH (PERCENT)     59

WEATHER CONDITIONS. NUMBER OF DAYS WITH
THUNDERSTORM              4     MIXED PRECIP               0
HEAVY RAIN                0     RAIN                       5
LIGHT RAIN                6     FREEZING RAIN              0
LT FREEZING RAIN          0     HAIL                       0
HEAVY SNOW                0     SNOW                       0
LIGHT SNOW                0     SLEET                      0
FOG                       7     FOG W/VIS <= 1/4 MILE      0
HAZE                      4

-  INDICATES NEGATIVE NUMBERS.
R  INDICATES RECORD WAS SET OR TIED.
MM INDICATES DATA IS MISSING.
T  INDICATES TRACE AMOUNT.

$$
