000
CXUS56 KBOI 011740
CLMBNO

CLIMATE REPORT
NATIONAL WEATHER SERVICE BOISE ID
1140 AM MDT THU SEP 01 2022

...................................

...THE BURNS OR CLIMATE SUMMARY FOR THE MONTH OF AUGUST 2022...

CLIMATE NORMAL PERIOD 1991 TO 2020
CLIMATE RECORD PERIOD 1938 TO 2022

WEATHER         OBSERVED          NORMAL  DEPART
                VALUE   DATE(S)   VALUE   FROM
                                          NORMAL
................................................
TEMPERATURE (F)
HIGHEST          103R  08/17
LOWEST            42   08/28
                       08/14
AVG. MAXIMUM    93.7               87.2     6.5
AVG. MINIMUM    51.7               45.8     5.9
MEAN            72.7               66.5     6.2
DAYS MAX >= 90    27
DAYS MAX <= 32     0
DAYS MIN <= 32     0
DAYS MIN <= 0      0

PRECIPITATION (INCHES)
RECORD
 MAXIMUM        1.73   1968
TOTALS          0.21               0.25   -0.04
DAYS >= .01        2
DAYS >= .10        1
DAYS >= .50        0
DAYS >= 1.00       0
GREATEST
 24 HR. TOTAL   0.12   08/02 TO 08/02

DEGREE DAYS
HEATING TOTAL      1                 55     -54
 SINCE 7/1         5                 93     -88
COOLING TOTAL    248                102     146
 SINCE 1/1       513                286     227
................................................

WIND (MPH)
AVERAGE WIND SPEED              7.0
HIGHEST WIND SPEED/DIRECTION    28/210    DATE  08/08
HIGHEST GUST SPEED/DIRECTION    37/260    DATE  08/01
                                37/220          08/08
                                37/180          08/18

AVERAGE RH (PERCENT)     37


-  INDICATES NEGATIVE NUMBERS.
R  INDICATES RECORD WAS SET OR TIED.
MM INDICATES DATA IS MISSING.
T  INDICATES TRACE AMOUNT.

$$
