000
CXUS54 KLCH 041542
CLMBPT

CLIMATE REPORT
NATIONAL WEATHER SERVICE LAKE CHARLES, LA
1042 AM CDT TUE OCT 04 2022

...................................

...THE BEAUMONT PORT ARTHUR CLIMATE SUMMARY FOR THE MONTH OF SEPTEMBER 2022...

CLIMATE NORMAL PERIOD: 1991 TO 2020
CLIMATE RECORD PERIOD: 1901 TO 2022

WEATHER         OBSERVED          NORMAL  DEPART   LAST YEAR`S
                VALUE   DATE(S)   VALUE   FROM     VALUE DATE(S)
                                          NORMAL
................................................................
TEMPERATURE (F)
RECORD
 HIGH            105   09/04/2000
 LOW              45   09/29/1967
HIGHEST           96   09/22         MM      MM       94  09/04
                       09/23
                                                          09/05
LOWEST            53   09/30         MM      MM       56  09/23
                                                          09/24
AVG. MAXIMUM    89.9               89.5     0.4     87.1
AVG. MINIMUM    69.9               70.6    -0.7     68.7
MEAN            79.9               80.0    -0.1     77.9
DAYS MAX >= 90    17               15.5     1.5       12
DAYS MAX <= 32     0                0.0     0.0        0
DAYS MIN <= 32     0                0.0     0.0        0
DAYS MIN <= 0      0                0.0     0.0        0

PRECIPITATION (INCHES)
RECORD
 MAXIMUM       23.20   2019
 MINIMUM        0.21   1912
TOTALS          0.53               6.69   -6.16    10.24
DAILY AVG.      0.02               0.22   -0.20     0.34
DAYS >= .01        4                8.9    -4.9       13
DAYS >= .10        3                6.6    -3.6        9
DAYS >= .50        0                3.4    -3.4        4
DAYS >= 1.00       0                1.8    -1.8        3
GREATEST
 24 HR. TOTAL   0.27   09/03 TO 09/04

DEGREE DAYS
HEATING TOTAL      0                  0       0        0
 SINCE 7/1         0                  0       0       MM
COOLING TOTAL    453                452       1      394
 SINCE 1/1      2958               2753     205       MM
................................................................

WIND (MPH)
AVERAGE WIND SPEED              5.7
HIGHEST WIND SPEED/DIRECTION    23/320    DATE  09/07
HIGHEST GUST SPEED/DIRECTION    33/320    DATE  09/07

SKY COVER
POSSIBLE SUNSHINE (PERCENT)   MM
AVERAGE SKY COVER           0.12
NUMBER OF DAYS FAIR           28
NUMBER OF DAYS PC              2
NUMBER OF DAYS CLOUDY          0

AVERAGE RH (PERCENT)     71

WEATHER CONDITIONS. NUMBER OF DAYS WITH
THUNDERSTORM              8     MIXED PRECIP               0
HEAVY RAIN                1     RAIN                       4
LIGHT RAIN               12     FREEZING RAIN              0
LT FREEZING RAIN          0     HAIL                       0
HEAVY SNOW                0     SNOW                       0
LIGHT SNOW                0     SLEET                      0
FOG                      16     FOG W/VIS <= 1/4 MILE      2
HAZE                      3

-  INDICATES NEGATIVE NUMBERS.
R  INDICATES RECORD WAS SET OR TIED.
MM INDICATES DATA IS MISSING.
T  INDICATES TRACE AMOUNT.

$$
