000
CXUS53 KDLH 011649
CLMBRD

CLIMATE REPORT
NATIONAL WEATHER SERVICE DULUTH MN
1149 AM CDT THU SEP 01 2022

...................................

...THE BRAINERD CLIMATE SUMMARY FOR THE MONTH OF AUGUST 2022...

CLIMATE NORMAL PERIOD: 1991 TO 2020
CLIMATE RECORD PERIOD: 1899 TO 2022

WEATHER         OBSERVED          NORMAL  DEPART   LAST YEAR`S
                VALUE   DATE(S)   VALUE   FROM     VALUE DATE(S)
                                          NORMAL
................................................................
TEMPERATURE (F)
RECORD
 HIGH            102   08/04/1947
 LOW              29   08/15/1976
HIGHEST           91   08/05         MM      MM       95  08/17
                                                          08/19
LOWEST            50   08/04         MM      MM       43  08/13
AVG. MAXIMUM    79.5               79.2     0.3     83.4
AVG. MINIMUM    58.2               55.3     2.9     59.1
MEAN            68.8               67.3     1.5     71.3
DAYS MAX >= 90     2                1.0     1.0        8
DAYS MAX <= 32     0                0.0     0.0        0
DAYS MIN <= 32     0                0.0     0.0        0
DAYS MIN <= 0      0                0.0     0.0        0

PRECIPITATION (INCHES)
RECORD
 MAXIMUM        9.67   1953
 MINIMUM        0.30   1915
TOTALS          3.67               3.06    0.61     3.92
DAILY AVG.      0.12               0.10    0.02     0.13
DAYS >= .01       11               11.9    -0.9        9
DAYS >= .10        8                5.5     2.5        6
DAYS >= .50        3                1.9     1.1        3
DAYS >= 1.00       0                0.8    -0.8        1
GREATEST
 24 HR. TOTAL   1.59   08/18 TO 08/19


DEGREE DAYS
HEATING TOTAL      4                 41     -37       11
 SINCE 7/1         9                 65     -56       MM
COOLING TOTAL    132                110      22      215
 SINCE 1/1       461                377      84       MM
................................................................

WIND (MPH)
AVERAGE WIND SPEED              6.3
HIGHEST WIND SPEED/DIRECTION    35/200    DATE  08/05
HIGHEST GUST SPEED/DIRECTION    55/190    DATE  08/05

SKY COVER
POSSIBLE SUNSHINE (PERCENT)   MM
AVERAGE SKY COVER           0.38
NUMBER OF DAYS FAIR           15
NUMBER OF DAYS PC             13
NUMBER OF DAYS CLOUDY          3

AVERAGE RH (PERCENT)     72

WEATHER CONDITIONS. NUMBER OF DAYS WITH
THUNDERSTORM              6     MIXED PRECIP               0
HEAVY RAIN                7     RAIN                       8
LIGHT RAIN               14     FREEZING RAIN              0
LT FREEZING RAIN          0     HAIL                       0
HEAVY SNOW                0     SNOW                       0
LIGHT SNOW                0     SLEET                      0
FOG                      23     FOG W/VIS <= 1/4 MILE      8
HAZE                      5

-  INDICATES NEGATIVE NUMBERS.
R  INDICATES RECORD WAS SET OR TIED.
MM INDICATES DATA IS MISSING.
T  INDICATES TRACE AMOUNT.

$$
