000
CXUS53 KDVN 011028
CLMBRL

CLIMATE REPORT
NATIONAL WEATHER SERVICE QUAD CITIES IA IL
535 AM CDT SAT OCT 01 2022

...................................

...THE BURLINGTON IA CLIMATE SUMMARY FOR THE MONTH OF SEPTEMBER 2022...

CLIMATE NORMAL PERIOD 1991 TO 2020
CLIMATE RECORD PERIOD 1897 TO 2022

WEATHER         OBSERVED          NORMAL  DEPART   LAST YEAR`S
                VALUE   DATE(S)   VALUE   FROM     VALUE
                                          NORMAL
..............................................................
TEMPERATURE (F)
RECORD
 HIGH            103   09/01/1913
                       09/05/1899
 LOW              23   09/30/1899
HIGHEST           95   09/20         83      12
LOWEST            38   09/28         50     -12
                       09/29
AVG. MAXIMUM    77.6               77.5     0.1
AVG. MINIMUM    55.9               55.8     0.1
MEAN            66.8               66.7     0.1
DAYS MAX >= 90     1
DAYS MAX <= 32     0
DAYS MIN <= 32     0
DAYS MIN <= 0      0

PRECIPITATION (INCHES)
TOTALS          5.13               3.53    1.60
DAILY AVG.      0.17               0.12    0.05
DAYS >= .01        8
DAYS >= .10        8
DAYS >= .50        4
DAYS >= 1.00       2
GREATEST
 24 HR. TOTAL   1.40   09/03 TO 09/03


DEGREE DAYS
HEATING TOTAL     74                 77      -3
 SINCE 7/1        74                 85     -11
COOLING TOTAL    133                127       6
 SINCE 1/1      1133               1063      70
..............................................................

WIND (MPH)
AVERAGE WIND SPEED              6.9
HIGHEST WIND SPEED/DIRECTION    24/040    DATE  09/03
HIGHEST GUST SPEED/DIRECTION    40/300    DATE  09/25

SKY COVER
POSSIBLE SUNSHINE (PERCENT)   MM
AVERAGE SKY COVER           0.25
NUMBER OF DAYS FAIR           19
NUMBER OF DAYS PC              9
NUMBER OF DAYS CLOUDY          2

AVERAGE RH (PERCENT)     70

WEATHER CONDITIONS. NUMBER OF DAYS WITH
THUNDERSTORM              4     HAIL                       0
SLEET                     0     FOG                       14
FOG W/VIS <= 1/4 MILE     1     HAZE                       3

-  INDICATES NEGATIVE NUMBERS.
R  INDICATES RECORD WAS SET OR TIED.
MM INDICATES DATA IS MISSING.
T  INDICATES TRACE AMOUNT.

$$
