000
CXUS54 KBRO 010706
CLMBRO

CLIMATE REPORT
NATIONAL WEATHER SERVICE BROWNSVILLE, TX
206 AM CDT SAT OCT 01 2022

...................................

...THE BROWNSVILLE CLIMATE SUMMARY FOR THE MONTH OF SEPTEMBER 2022...

CLIMATE NORMAL PERIOD 1991 TO 2020
CLIMATE RECORD PERIOD 1878 TO 2022

WEATHER         OBSERVED          NORMAL  DEPART   LAST YEAR`S
                VALUE   DATE(S)   VALUE   FROM     VALUE DATE(S)
                                          NORMAL
................................................................
TEMPERATURE (F)
HIGHEST           97   09/09         96       1       98  09/05
                                                          09/06
                                                          09/07
LOWEST            65   09/30         63       2       65  09/24
                                                          09/26
AVG. MAXIMUM    92.4               92.2     0.2     93.8
AVG. MINIMUM    74.5               74.7    -0.2     74.8
MEAN            83.4               83.4     0.0     84.3
DAYS MAX >= 90    25               21.5     3.5       25
DAYS MAX <= 32     0                0.0     0.0        0
DAYS MIN <= 32    MM                0.0      MM        0
DAYS MIN <= 0      0                0.0     0.0        0

PRECIPITATION (INCHES)
TOTALS          4.56               5.73   -1.17     4.64
DAILY AVG.      0.15               0.19   -0.04     0.15
DAYS >= .01       15               11.1     3.9       10
DAYS >= .10       11                7.6     3.4        8
DAYS >= .50        3                3.3    -0.3        2
DAYS >= 1.00       0                1.7    -1.7        1
GREATEST
 24 HR. TOTAL   0.81   09/24 TO 09/24
 STORM TOTAL    0.81
 (MM/DD(HH))

SNOWFALL (INCHES)
TOTALS           0.0                0.0     0.0      0.0
SINCE 7/1        0.0                0.0     0.0

DEGREE DAYS
HEATING TOTAL      0                  0       0        0
 SINCE 7/1         0                  0       0       MM
COOLING TOTAL    559                554       5      586
 SINCE 1/1      3952               3822     130       MM
................................................................

WIND (MPH)
AVERAGE WIND SPEED              5.8
HIGHEST WIND SPEED/DIRECTION    28/060    DATE  09/26
HIGHEST GUST SPEED/DIRECTION    39/250    DATE  09/24

SKY COVER
POSSIBLE SUNSHINE (PERCENT)   MM
AVERAGE SKY COVER           0.16
NUMBER OF DAYS FAIR           30
NUMBER OF DAYS PC              0
NUMBER OF DAYS CLOUDY          0

AVERAGE RH (PERCENT)     74

WEATHER CONDITIONS. NUMBER OF DAYS WITH
THUNDERSTORM             11     MIXED PRECIP               0
HEAVY RAIN               11     RAIN                       6
LIGHT RAIN               17     FREEZING RAIN              0
LT FREEZING RAIN          0     HAIL                       0
HEAVY SNOW                0     SNOW                       0
LIGHT SNOW                0     SLEET                      0
FOG                       9     FOG W/VIS <= 1/4 MILE      0
HAZE                      1

-  INDICATES NEGATIVE NUMBERS.
R  INDICATES RECORD WAS SET OR TIED.
MM INDICATES DATA IS MISSING.
T  INDICATES TRACE AMOUNT.

$$
