000
CXAK59 PAFG 020007
CLMBRW

CLIMATE REPORT
NATIONAL WEATHER SERVICE FAIRBANKS AK
407 PM AKDT SAT OCT 01 2022

...................................

...THE UTQIAGVIK (BARROW) AK CLIMATE SUMMARY FOR THE MONTH OF SEPTEMBER 2022...

CLIMATE NORMAL PERIOD 1991 TO 2020
CLIMATE RECORD PERIOD 1920 TO 2022

WEATHER         OBSERVED          NORMAL  DEPART   LAST YEAR`S
                VALUE   DATE(S)   VALUE   FROM     VALUE DATE(S)
                                          NORMAL
................................................................
TEMPERATURE (F)
RECORD
 HIGH             62   09/22/1995
                       09/19/1995
                       09/04/1957
 LOW               1   09/28/1975
                       09/28/1957
HIGHEST           50   09/07         MM      MM       53  09/08
LOWEST            26   09/27         MM      MM       11  09/25
AVG. MAXIMUM    38.6               38.2     0.4     37.4
AVG. MINIMUM    32.2               30.2     2.0     29.5
MEAN            35.4               34.2     1.2     33.5
DAYS MAX >= 90     0                0.0     0.0        0
DAYS MAX <= 32     5                6.7    -1.7        8
DAYS MIN <= 32    14               19.6    -5.6       16
DAYS MIN <= 0      0                0.0     0.0        0

PRECIPITATION (INCHES)
RECORD
 MAXIMUM        1.94   2012
 MINIMUM        0.01
TOTALS          0.23               0.77   -0.54     1.72
DAILY AVG.      0.01               0.03   -0.02     0.06
DAYS >= .01       11               13.6    -2.6       16
DAYS >= .10        0                2.1    -2.1        5
DAYS >= .50        0                0.0     0.0        1
DAYS >= 1.00       0                0.0     0.0        0
GREATEST
 24 HR. TOTAL   0.05   09/26 TO 09/27               0.75


DEGREE DAYS
HEATING TOTAL    882                924     -42      941
 SINCE 7/1      2418               2393      25       MM
COOLING TOTAL      0                  0       0        0
 SINCE 1/1         0                  0       0       MM
................................................................

WIND (MPH)
AVERAGE WIND SPEED              14.9
HIGHEST WIND SPEED/DIRECTION    37/090    DATE  09/16
HIGHEST GUST SPEED/DIRECTION    45/090    DATE  09/16

SKY COVER
AVERAGE SKY COVER           0.91
NUMBER OF DAYS FAIR            0


WEATHER CONDITIONS. NUMBER OF DAYS WITH
THUNDERSTORM              0     MIXED PRECIP               0
HEAVY RAIN                0     RAIN                       0
LIGHT RAIN                8     FREEZING RAIN              0
LT FREEZING RAIN          0     HAIL                       0
HEAVY SNOW                0     SNOW                       0
LIGHT SNOW               10     SLEET                      0
FOG                      29     FOG W/VIS <= 1/4 MILE     12
HAZE                     12

-  INDICATES NEGATIVE NUMBERS.
R  INDICATES RECORD WAS SET OR TIED.
MM INDICATES DATA IS MISSING.
T  INDICATES TRACE AMOUNT.

$$
