000
CXUS53 KGRR 011429
CLMBTL

CLIMATE REPORT
NATIONAL WEATHER SERVICE GRAND RAPIDS, MICHIGAN
1029 AM EDT THU SEP 01 2022

...................................

...THE BATTLE CREEK CLIMATE SUMMARY FOR THE MONTH OF AUGUST 2022...

CLIMATE NORMAL PERIOD: 1991 TO 2020
CLIMATE RECORD PERIOD: 1895 TO 2022

WEATHER         OBSERVED          NORMAL  DEPART   LAST YEAR`S
                VALUE   DATE(S)   VALUE   FROM     VALUE DATE(S)
                                          NORMAL
................................................................
TEMPERATURE (F)
RECORD
 HIGH            103   08/06/1918
 LOW              37   08/28/1986
HIGHEST           94   08/03         MM      MM       92  08/24
LOWEST            53   08/12         MM      MM       53  08/02
AVG. MAXIMUM    81.9               80.9     1.0     84.5
AVG. MINIMUM    62.1               60.8     1.3     64.9
MEAN            72.0               70.8     1.2     74.7
DAYS MAX >= 90     2                1.7     0.3        4
DAYS MAX <= 32     0                0.0     0.0        0
DAYS MIN <= 32     0                0.0     0.0        0
DAYS MIN <= 0      0                0.0     0.0        0

PRECIPITATION (INCHES)
RECORD
 MAXIMUM       11.02   1975
 MINIMUM        0.20   1976
TOTALS          5.02               3.36    1.66     3.36
DAILY AVG.      0.16               0.11    0.05     0.11
DAYS >= .01       10               11.0    -1.0        9
DAYS >= .10        8                6.0     2.0        6
DAYS >= .50        4                2.3     1.7        3
DAYS >= 1.00       1                0.8     0.2        1
GREATEST
 24 HR. TOTAL   2.18   08/13 TO 08/14


DEGREE DAYS
HEATING TOTAL      7                 12      -5        0
 SINCE 7/1         7                 12      -5       MM
COOLING TOTAL    233                193      40      307
 SINCE 1/1       765                635     130       MM
................................................................

WIND (MPH)
AVERAGE WIND SPEED              6.7
RESULTANT WIND SPEED/DIRECTION   2/220
HIGHEST WIND SPEED/DIRECTION    43/290    DATE  08/03
HIGHEST GUST SPEED/DIRECTION    60/310    DATE  08/03

SKY COVER
POSSIBLE SUNSHINE (PERCENT)   MM
AVERAGE SKY COVER           0.38
NUMBER OF DAYS FAIR           14
NUMBER OF DAYS PC             14
NUMBER OF DAYS CLOUDY          3

AVERAGE RH (PERCENT)     74

WEATHER CONDITIONS. NUMBER OF DAYS WITH
THUNDERSTORM              7     MIXED PRECIP               0
HEAVY RAIN                7     RAIN                       8
LIGHT RAIN                9     FREEZING RAIN              0
LT FREEZING RAIN          0     HAIL                       0
HEAVY SNOW                0     SNOW                       0
LIGHT SNOW                0     SLEET                      0
FOG                      15     FOG W/VIS <= 1/4 MILE      2
HAZE                      2

-  INDICATES NEGATIVE NUMBERS.
R  INDICATES RECORD WAS SET OR TIED.
MM INDICATES DATA IS MISSING.
T  INDICATES TRACE AMOUNT.

$$
