000
CXUS54 KLIX 012300
CLMBTR

CLIMATE REPORT
NATIONAL WEATHER SERVICE NEW ORLEANS
600 PM CDT SAT OCT 01 2022

...................................

...THE BATON ROUGE CLIMATE SUMMARY FOR THE MONTH OF SEPTEMBER 2022...

CLIMATE NORMAL PERIOD: 1991 TO 2020
CLIMATE RECORD PERIOD: 1894 TO 2022

WEATHER         OBSERVED          NORMAL  DEPART   LAST YEAR`S
                VALUE   DATE(S)   VALUE   FROM     VALUE DATE(S)
                                          NORMAL
................................................................
TEMPERATURE (F)
RECORD
 HIGH            104   09/04/2000
 LOW              43   09/29/1967
                       09/28/1909
HIGHEST           97   09/21         MM      MM       93  09/05
                       09/22
                       09/24
LOWEST            52   09/29         MM      MM       53  09/25
                       09/30
AVG. MAXIMUM    89.3               88.7     0.6     85.6
AVG. MINIMUM    67.9               68.9    -1.0     67.8
MEAN            78.6               78.8    -0.2     76.7
DAYS MAX >= 90    17               16.0     1.0        6
DAYS MAX <= 32     0                0.0     0.0        0
DAYS MIN <= 32     0                0.0     0.0        0
DAYS MIN <= 0      0                0.0     0.0        0

PRECIPITATION (INCHES)
RECORD
 MAXIMUM       13.95   1977
 MINIMUM        0.00   1924
TOTALS          0.86               4.42   -3.56     8.35
DAILY AVG.      0.03               0.15   -0.12     0.28
DAYS >= .01        6                8.6    -2.6       13
DAYS >= .10        3                5.6    -2.6       11
DAYS >= .50        0                2.8    -2.8        4
DAYS >= 1.00       0                1.4    -1.4        3
GREATEST
 24 HR. TOTAL   0.33   09/03 TO 09/04

SNOWFALL (INCHES)
RECORDS
 TOTAL            MM   MM
 24 HR TOTAL      MM
 SNOW DEPTH       MM   MM
TOTALS           0.0                0.0     0.0      0.0
SINCE 7/1        0.0                0.0     0.0       MM
SNOWDEPTH AVG.    MM                                  MM
DAYS >= TRACE      0                0.0     0.0        0
DAYS >= 1.0        0                0.0     0.0        0
GREATEST
 SNOW DEPTH       MM                                  MM  MM
 24 HR TOTAL     0.0                                  MM

DEGREE DAYS
HEATING TOTAL      0                  1      -1        0
 SINCE 7/1         0                  0       0       MM
COOLING TOTAL    416                415       1      359
 SINCE 1/1      2786               2570     216       MM
................................................................

WIND (MPH)
AVERAGE WIND SPEED              4.1
HIGHEST WIND SPEED/DIRECTION    24/070    DATE  09/09
HIGHEST GUST SPEED/DIRECTION    33/010    DATE  09/28

SKY COVER
POSSIBLE SUNSHINE (PERCENT)   MM
AVERAGE SKY COVER           0.15
NUMBER OF DAYS FAIR           25
NUMBER OF DAYS PC              5
NUMBER OF DAYS CLOUDY          0

AVERAGE RH (PERCENT)     72

WEATHER CONDITIONS. NUMBER OF DAYS WITH
THUNDERSTORM              4     MIXED PRECIP               0
HEAVY RAIN                1     RAIN                       3
LIGHT RAIN                5     FREEZING RAIN              0
LT FREEZING RAIN          0     HAIL                       0
HEAVY SNOW                0     SNOW                       0
LIGHT SNOW                0     SLEET                      0
FOG                      13     FOG W/VIS <= 1/4 MILE      1
HAZE                      2

-  INDICATES NEGATIVE NUMBERS.
R  INDICATES RECORD WAS SET OR TIED.
MM INDICATES DATA IS MISSING.
T  INDICATES TRACE AMOUNT.

$$
