000
CXUS51 KBTV 011238
CLMBTV

CLIMATE REPORT
NATIONAL WEATHER SERVICE BURLINGTON VT
838 AM EDT SAT OCT 01 2022

...................................

...THE BURLINGTON VT CLIMATE SUMMARY FOR THE MONTH OF SEPTEMBER 2022...

CLIMATE NORMAL PERIOD: 1991 TO 2020
CLIMATE RECORD PERIOD: 1884 TO 2022

WEATHER         OBSERVED          NORMAL  DEPART   LAST YEAR`S
                VALUE   DATE(S)   VALUE   FROM     VALUE DATE(S)
                                          NORMAL
................................................................
TEMPERATURE (F)
RECORD
 HIGH             98   09/09/2002
 LOW              25   09/24/1963
                       09/29/1914
HIGHEST           85   09/10         69      16       86  09/23
LOWEST            38   09/30         49     -11       45  09/28
                                                          09/29
AVG. MAXIMUM    70.6               72.6    -2.0     73.4
AVG. MINIMUM    53.4               52.9     0.5     55.7
MEAN            62.0               62.7    -0.7     64.6
DAYS MAX >= 90     0                0.7    -0.7        0
DAYS MAX <= 32     0                0.0     0.0        0
DAYS MIN <= 32     0                0.3    -0.3        0
DAYS MIN <= 0      0                0.0     0.0        0

PRECIPITATION (INCHES)
RECORD
 MAXIMUM       10.25   1999
 MINIMUM        0.68   1927
TOTALS          6.46               3.67    2.79     3.06
DAILY AVG.      0.22               0.12    0.10     0.10
DAYS >= .01       13               11.0     2.0       10
DAYS >= .10        8                6.6     1.4        4
DAYS >= .50        3                2.2     0.8        3
DAYS >= 1.00       2                0.9     1.1        0
GREATEST
 24 HR. TOTAL   2.59   09/13 TO 09/14               0.95  09/08 TO 09/08
 STORM TOTAL    2.56                                0.95
 (MM/DD(HH))            MM

SNOWFALL (INCHES)
RECORDS
 TOTAL           0.1   MM
TOTALS           0.0                0.0     0.0      0.0
SINCE 7/1        0.0                0.0     0.0       MM
SNOWDEPTH AVG.     0                                   0
DAYS >= 1.0        0                0.0     0.0        0
GREATEST
 SNOW DEPTH        0                                   0  MM
 24 HR TOTAL      MM                                  MM

DEGREE DAYS
HEATING TOTAL    135                134       1       62
 SINCE 7/1       135                155     -20       MM
COOLING TOTAL     51                 66     -15       57
 SINCE 1/1       755                651     104       MM
................................................................

WIND (MPH)
AVERAGE WIND SPEED              6.3
HIGHEST WIND SPEED/DIRECTION    30/330    DATE  09/22
HIGHEST GUST SPEED/DIRECTION    38/330    DATE  09/22

SKY COVER
POSSIBLE SUNSHINE (PERCENT)   MM
AVERAGE SKY COVER           0.62
NUMBER OF DAYS FAIR            8
NUMBER OF DAYS PC              7
NUMBER OF DAYS CLOUDY         15

AVERAGE RH (PERCENT)     74

WEATHER CONDITIONS. NUMBER OF DAYS WITH
THUNDERSTORM              3     MIXED PRECIP               0
HEAVY RAIN                8     RAIN                       7
LIGHT RAIN               15     FREEZING RAIN              0
LT FREEZING RAIN          0     HAIL                       0
HEAVY SNOW                0     SNOW                       0
LIGHT SNOW                0     SLEET                      0
FOG                      15     FOG W/VIS <= 1/4 MILE      1
HAZE                      2

-  INDICATES NEGATIVE NUMBERS.
R  INDICATES RECORD WAS SET OR TIED.
MM INDICATES DATA IS MISSING.
T  INDICATES TRACE AMOUNT.

$$
